INSERT INTO `config_snapshot` (`collection`, `name`, `data`) VALUES
('', 'views.view.user_admin_people', 0x[encoded data, 46514 characters]);
INSERT INTO `config_snapshot` (`collection`, `name`, `data`) VALUES
('', 'views.view.who_s_new', 0x[encoded data, 10038 characters]),
('', 'views.view.who_s_online', 0x[encoded data, 12132 characters]);

-- --------------------------------------------------------

--
-- Table structure for table `file_managed`
--

CREATE TABLE IF NOT EXISTS `file_managed` (
  `fid` int(10) UNSIGNED NOT NULL AUTO_INCREMENT,
  `uuid` varchar(128) CHARACTER SET ascii NOT NULL,
  `langcode` varchar(12) CHARACTER SET ascii NOT NULL,
  `uid` int(10) UNSIGNED DEFAULT NULL COMMENT 'The ID of the target entity.',
  `filename` varchar(255) DEFAULT NULL,
  `uri` varchar(255) CHARACTER SET utf8mb4 COLLATE utf8mb4_bin NOT NULL,
  `filemime` varchar(255) CHARACTER SET ascii DEFAULT NULL,
  `filesize` bigint(20) UNSIGNED DEFAULT NULL,
  `status` tinyint(4) NOT NULL,
  `created` int(11) DEFAULT NULL,
  `changed` int(11) NOT NULL,
  PRIMARY KEY (`fid`),
  UNIQUE KEY `file_field__uuid__value` (`uuid`),
  KEY `file_field__uri` (`uri`(191)),
  KEY `file_field__status` (`status`),
  KEY `file_field__changed` (`changed`),
  KEY `file_field__uid__target_id` (`uid`)
) ENGINE=InnoDB AUTO_INCREMENT=111 DEFAULT CHARSET=utf8mb4 COMMENT='The base table for file entities.';

--
-- Dumping data for table `file_managed`
--

INSERT INTO `file_managed` (`fid`, `uuid`, `langcode`, `uid`, `filename`, `uri`, `filemime`, `filesize`, `status`, `created`, `changed`) VALUES
(5, '92944a7e-b5ac-4d09-bcb3-aa8f064884cb', 'en', 1, 'post-1.jpg', 'public://articles/post-1.jpg', 'image/jpeg', 201863, 1, 1482293253, 1482293256),
(6, '95b2b459-4af9-426c-9d36-87989d4171f0', 'en', 1, 'post-2.jpg', 'public://articles/post-2.jpg', 'image/jpeg', 102151, 1, 1482293264, 1482293269),
(7, 'd1a0bbf6-2116-46d0-906b-db7b43279168', 'en', 1, 'post-3.jpg', 'public://articles/post-3.jpg', 'image/jpeg', 283025, 1, 1482293357, 1482293366),
(8, '3438560b-e056-4dfc-ab66-5828c6246672', 'en', 1, 'post-4.jpg', 'public://articles/post-4.jpg', 'image/jpeg', 333034, 1, 1482293378, 1482293383),
(9, '3cd71d29-eba6-4b3c-889b-6fbaef23dada', 'en', 1, 'post-5.jpg', 'public://articles/post-5.jpg', 'image/jpeg', 71846, 1, 1482293395, 1482293398),
(10, '0ec79398-ea1d-48e5-b8d4-7ff72ea7b4b5', 'en', 1, 'post-6.jpg', 'public://articles/post-6.jpg', 'image/jpeg', 313416, 1, 1482293415, 1482293419),
(11, '3a934dda-6ae0-43fb-a79f-c895ece763e2', 'en', 1, 'post-7.jpg', 'public://articles/post-7.jpg', 'image/jpeg', 108376, 1, 1482293429, 1482293433),
(12, '7464c93f-371f-4f15-8083-16ae8d6441c5', 'en', 1, 'post-8.jpg', 'public://articles/post-8.jpg', 'image/jpeg', 103185, 1, 1482293446, 1482293450),
(13, '31e5fa14-be5e-4ce0-80f6-74d19c1d1a26', 'en', 1, 'post-9.jpg', 'public://articles/post-9.jpg', 'image/jpeg', 201863, 1, 1482293461, 1482293465),
(14, '5c4a324f-9c65-4073-a85a-e6cb73c1a363', 'en', 1, 'post-10.jpg', 'public://articles/post-10.jpg', 'image/jpeg', 72971, 1, 1482293477, 1482293480),
(15, '133918df-c77b-4741-aa1e-8596be92adcc', 'en', 1, 'post-11.jpg', 'public://articles/post-11.jpg', 'image/jpeg', 222686, 1, 1482293526, 1482293531),
(16, '29559bd7-8534-44bb-8646-75814ad349d9', 'en', 1, 'post-12.jpg', 'public://articles/post-12.jpg', 'image/jpeg', 71846, 1, 1482293540, 1482293546),
(17, '828caee4-8fb4-4086-92d3-e95da82ca9b3', 'en', 1, 'portfolio-1.jpg', 'public://portfolio/portfolio-1.jpg', 'image/jpeg', 98781, 1, 1482294340, 1482294346),
(18, '0ddde76d-1a2c-4d5f-8fc8-3f915aed6d24', 'en', 1, 'portfolio-2.jpg', 'public://portfolio/portfolio-2.jpg', 'image/jpeg', 286769, 1, 1482294357, 1482294361),
(19, 'cb5bbb73-a8d1-48a5-9a2d-a80a5bd71194', 'en', 1, 'portfolio-3.jpg', 'public://portfolio/portfolio-3.jpg', 'image/jpeg', 316416, 1, 1482294368, 1482294371),
(20, '63ccdbb7-1ea5-42fc-b648-b52edc9636a7', 'en', 1, 'portfolio-4.jpg', 'public://portfolio/portfolio-4.jpg', 'image/jpeg', 186898, 1, 1482294379, 1482294381),
(21, '5c584815-eac4-4010-bbca-6faa708aff5d', 'en', 1, 'portfolio-5.jpg', 'public://portfolio/portfolio-5.jpg', 'image/jpeg', 177781, 1, 1482294388, 1482294392),
(22, '1c2da685-b242-4b1a-afab-7a91d64ec4c4', 'en', 1, 'portfolio-6.jpg', 'public://portfolio/portfolio-6.jpg', 'image/jpeg', 202427, 1, 1482294403, 1482294405),
(23, 'aa64320e-d20a-4a34-aab2-0d7f9912f727', 'en', 1, 'portfolio-7.jpg', 'public://portfolio/portfolio-7.jpg', 'image/jpeg', 84257, 1, 1482294415, 1482294419),
(24, 'd36fee13-a769-4b84-973d-294a4c70421e', 'en', 1, 'portfolio-8.jpg', 'public://portfolio/portfolio-8.jpg', 'image/jpeg', 355499, 1, 1482294431, 1482294433),
(25, '54f14d16-97ba-420c-927c-0d6d2cec186f', 'en', 1, 'portfolio-9.jpg', 'public://portfolio/portfolio-9.jpg', 'image/jpeg', 232909, 1, 1482294442, 1482294445),
(26, '30518206-cce0-492e-ac7c-3545cd6c5d19', 'en', 1, 'portfolio-10.jpg', 'public://portfolio/portfolio-10.jpg', 'image/jpeg', 217232, 1, 1482294453, 1482294455),
(27, 'f6413e43-01d2-4a52-ab84-f1f76056c9bf', 'en', 1, 'portfolio-11.jpg', 'public://portfolio/portfolio-11.jpg', 'image/jpeg', 376942, 1, 1482294463, 1482294465),
(28, '3135871f-f847-44f1-b1cf-2753ac467af1', 'en', 1, 'portfolio-12.jpg', 'public://portfolio/portfolio-12.jpg', 'image/jpeg', 298752, 1, 1482294474, 1482294477),
(29, 'a4e4a3f7-b8f7-4a32-8d22-18c27efc2ec6', 'en', 1, 'brand-dark-1.png', 'public://banner/brand-dark-1.png', 'image/png', 3339, 1, 1482294864, 1482294869),
(30, '9428f41f-74dc-41e7-b7ca-1de0597dfc72', 'en', 1, 'brand-dark-2.png', 'public://banner/brand-dark-2.png', 'image/png', 2542, 1, 1482294877, 1482294881),
(31, '9570baef-4198-4a8d-8ff5-450433d3d3e1', 'en', 1, 'brand-dark-3.png', 'public://banner/brand-dark-3.png', 'image/png', 2910, 1, 1482294887, 1482294891),
(32, '36f3e059-31f3-4d97-8214-b296adc16e7d', 'en', 1, 'brand-dark-4.png', 'public://banner/brand-dark-4.png', 'image/png', 2998, 1, 1482294898, 1482294901),
(33, 'acc3438f-1d92-4ec4-9fab-9bf46b461bc2', 'en', 1, 'brand-dark-5.png', 'public://banner/brand-dark-5.png', 'image/png', 3053, 1, 1482294906, 1482294910),
(34, '959a6835-272f-44ea-9fd1-9523ed15f607', 'en', 1, 'brand-dark-6.png', 'public://banner/brand-dark-6.png', 'image/png', 2436, 1, 1482294924, 1482294928),
(35, '7b38e124-a088-4b44-a703-5a815d5cd3a8', 'en', 1, 'brand-dark-7.png', 'public://banner/brand-dark-7.png', 'image/png', 2542, 1, 1482294935, 1482294939),
(36, '210f046f-ee7b-4b7a-8e76-146a3e99df3d', 'en', 1, 'brand-dark-8.png', 'public://banner/brand-dark-8.png', 'image/png', 2998, 1, 1482294949, 1482294953),
(37, 'dabfd95e-43cd-4c19-ab64-ae1479e4112b', 'en', 1, 'gallery-1.jpg', 'public://gallery/gallery-1.jpg', 'image/jpeg', 132990, 1, 1482295040, 1482295043),
(38, '51c72d91-4fca-4491-9aaa-cc2e11bbe3e8', 'en', 1, 'gallery-2.jpg', 'public://gallery/gallery-2.jpg', 'image/jpeg', 78520, 1, 1482295048, 1489738854),
(39, 'e488e86d-201b-4554-a1c2-5450666b5a46', 'en', 1, 'gallery-3.jpg', 'public://gallery/gallery-3.jpg', 'image/jpeg', 240142, 1, 1482295057, 1482295060),
(40, 'a2211730-9d03-4d22-9bf4-4a164f4fd119', 'en', 1, 'gallery-4.jpg', 'public://gallery/gallery-4.jpg', 'image/jpeg', 98765, 1, 1482295065, 1489738888),
(41, 'e1766cc8-8f5a-4fb5-93d2-de9d4e319cb1', 'en', 1, 'gallery-5.jpg', 'public://gallery/gallery-5.jpg', 'image/jpeg', 89774, 1, 1482295073, 1482295076),
(42, '14a8f3ec-cf34-4cb0-a83e-904802914419', 'en', 1, 'gallery-6.jpg', 'public://gallery/gallery-6.jpg', 'image/jpeg', 223618, 1, 1482295081, 1482295084),
(43, 'a2bb803b-8a81-4ea3-a842-2ae96e230367', 'en', 1, 'gallery-7.jpg', 'public://gallery/gallery-7.jpg', 'image/jpeg', 135676, 1, 1482295089, 1489738912),
(44, 'b7a26a20-cad1-4789-abfe-f27004535464', 'en', 1, 'gallery-8.jpg', 'public://gallery/gallery-8.jpg', 'image/jpeg', 217404, 1, 1482295097, 1482295100),
(45, 'da8c4d7b-8ee7-4bb8-a24c-e3659022d066', 'en', 1, 'gallery-9.jpg', 'public://gallery/gallery-9.jpg', 'image/jpeg', 172385, 1, 1482295106, 1489738862),
(46, 'a26a64bf-bbb1-4f0f-bca5-350ebafecf80', 'en', 1, 'gallery-10.jpg', 'public://gallery/gallery-10.jpg', 'image/jpeg', 89306, 1, 1482295125, 1482295127),
(64, '0d5db05d-0914-4872-abe5-dfb519613b96', 'en', 1, 'avatar-1.jpg', 'public://testimonial/avatar-1.jpg', 'image/jpeg', 11862, 1, 1482296166, 1482296175),
(65, '1c1df18b-a485-4e96-907c-cfe6847e7fb9', 'en', 1, 'avatar-2.jpg', 'public://testimonial/avatar-2.jpg', 'image/jpeg', 14490, 1, 1482296198, 1482296203),
(66, 'c584b076-8db8-4b47-8a61-86e88fae701a', 'en', 1, 'avatar-3.jpg', 'public://testimonial/avatar-3.jpg', 'image/jpeg', 28678, 1, 1482296225, 1482296230),
(67, '30853587-3dcf-414e-8314-d576b69e9686', 'en', 1, 'avatar-4.jpg', 'public://testimonial/avatar-4.jpg', 'image/jpeg', 17778, 1, 1482296255, 1482296258),
(68, '2304db23-7c86-4018-9b8e-817562257083', 'en', 1, 'portfolio-2.jpg', 'public://portfolio/portfolio-2_0.jpg', 'image/jpeg', 286769, 1, 1482997139, 1482997164),
(69, '548e2f86-0711-43be-80e6-9a147a3247e0', 'en', 1, 'portfolio-8.jpg', 'public://portfolio/portfolio-8_0.jpg', 'image/jpeg', 355499, 1, 1482997144, 1482997164),
(75, 'bbb5f3b2-af1a-43ce-bee0-8e19181572b9', 'en', 1, 'team-1.jpg', 'public://gbb-uploads/team-1.jpg', 'image/jpeg', 141565, 1, 1489739888, 1489739888),
(76, '886af875-0178-41ea-9f1d-dc6b2b2b5b5c', 'en', 1, 'team-2.jpg', 'public://gbb-uploads/team-2.jpg', 'image/jpeg', 166855, 1, 1489739888, 1489739888),
(77, '2b013c82-864e-4006-8c43-0d96b2f3b5a4', 'en', 1, 'team-3.jpg', 'public://gbb-uploads/team-3.jpg', 'image/jpeg', 96339, 1, 1489739888, 1489739888),
(78, 'c3e96bc3-0adf-41a4-abf1-554904ff3f99', 'en', 1, 'team-4.jpg', 'public://gbb-uploads/team-4.jpg', 'image/jpeg', 161283, 1, 1489739889, 1489739889),
(79, '9c48df17-981e-4037-aec6-caecd0addcea', 'en', 1, 'post-13.jpg', 'public://articles/post-13.jpg', 'image/jpeg', 77387, 1, 1489742279, 1489742279),
(80, '796307e2-023f-44cb-8f05-009c12f0284f', 'en', 1, 'post-14.jpg', 'public://articles/post-14.jpg', 'image/jpeg', 387191, 1, 1489742353, 1489742353),
(81, '3c81f6c2-a39d-4caf-bf04-275e015f49d0', 'en', 1, 'post-15.jpg', 'public://articles/post-15.jpg', 'image/jpeg', 222634, 1, 1489742404, 1489742404),
(82, 'f2b60cd8-6b7d-4c3b-9988-400bacd2d069', 'en', 1, 'post-16.jpg', 'public://articles/post-16.jpg', 'image/jpeg', 125964, 1, 1489742440, 1489742440),
(83, '69a149ca-cb48-4b4b-9bed-224b21ce65c2', 'en', 1, 'post-17.jpg', 'public://articles/post-17.jpg', 'image/jpeg', 87944, 1, 1489742490, 1489742490),
(84, '9d07c717-12f6-4dd8-92f1-8da00de67ebc', 'en', 1, 'post-18.jpg', 'public://articles/post-18.jpg', 'image/jpeg', 109942, 1, 1489742539, 1489742539),
(85, 'e5be9a42-d62c-49fe-9c46-9a62d97e642c', 'en', 1, 'post-19.jpg', 'public://articles/post-19.jpg', 'image/jpeg', 240134, 1, 1489742575, 1489742575),
(86, '817f03c6-480d-413d-8dc7-1253d8131b11', 'en', 1, 'post-20.jpg', 'public://articles/post-20.jpg', 'image/jpeg', 173655, 1, 1489742671, 1489742671),
(87, '0df1aec2-b4db-4a04-acc4-ae57c61dea88', 'en', 1, 'post-21.jpg', 'public://articles/post-21.jpg', 'image/jpeg', 66826, 1, 1489742731, 1489742731),
(88, '43e4f850-6595-4d8a-8403-a968547a6c8c', 'en', 1, 'post-22.jpg', 'public://articles/post-22.jpg', 'image/jpeg', 225541, 1, 1489742822, 1489742822),
(89, '0a4a4e7b-1e5a-48dc-b338-2e0949ebf7ff', 'en', 1, 'post-23.jpg', 'public://articles/post-23.jpg', 'image/jpeg', 256289, 1, 1489742959, 1489742959),
(90, '27306260-6216-48a7-bd53-2a586c8d0693', 'en', 1, 'post-24.jpg', 'public://articles/post-24.jpg', 'image/jpeg', 87944, 1, 1489743026, 1489743026),
(91, 'e512f4ce-2716-4470-abfe-f61556a3738e', 'en', 1, 'post-25.jpg', 'public://articles/post-25.jpg', 'image/jpeg', 98759, 1, 1489743085, 1489743085),
(92, 'aaa0c096-e5d5-44de-aa31-fb5fade25534', 'en', 1, 'post-26.jpg', 'public://articles/post-26.jpg', 'image/jpeg', 657747, 1, 1489743142, 1489743142),
(93, 'be581d62-5be7-4af9-a909-75321a341f89', 'en', 1, 'post-27.jpg', 'public://articles/post-27.jpg', 'image/jpeg', 599782, 1, 1489743205, 1489743205),
(94, '5ff56ac1-46af-4348-915a-dd314841a465', 'en', 1, 'post-28.jpg', 'public://articles/post-28.jpg', 'image/jpeg', 102612, 1, 1489743311, 1489743311),
(95, '95257e8f-9bb7-4ef1-9cde-e9d724a8681b', 'en', 1, 'post-29.jpg', 'public://articles/post-29.jpg', 'image/jpeg', 172385, 1, 1489743400, 1489743400),
(96, '021bc8da-30e7-490b-b233-175ec87b832c', 'en', 1, 'post-30.jpg', 'public://articles/post-30.jpg', 'image/jpeg', 296329, 1, 1489743503, 1489743503),
(97, '1a3ab76d-dcf2-41bc-9b9b-84da8d1b5540', 'en', 1, 'banner.png', 'public://gbb-uploads/banner.png', 'image/png', 8948, 1, 1489975493, 1489975493),
(98, 'db40783f-68d8-4cad-964c-7cf7c3042710', 'en', 1, 'team-3.jpg', 'public://users/team-3.jpg', 'image/jpeg', 47248, 1, 1491438038, 1491438041),
(109, 'f854a421-64f1-493b-ba0a-52320cab6eb3', 'en', 1, 'laptop.jpg', 'public://gbb-uploads/laptop.jpg', 'image/jpeg', 28917, 1, 1527737310, 1527737310),
(110, 'f1e72eef-e447-4489-8506-cadff3b8cd15', 'en', 1, 'ads.png', 'public://gbb-uploads/ads.png', 'image/png', 597, 1, 1537343723, 1537343723);

-- --------------------------------------------------------

--
-- Table structure for table `file_usage`
--

CREATE TABLE IF NOT EXISTS `file_usage` (
  `fid` int(10) UNSIGNED NOT NULL COMMENT 'File ID.',
  `module` varchar(50) CHARACTER SET ascii NOT NULL DEFAULT '' COMMENT 'The name of the module that is using the file.',
  `type` varchar(64) CHARACTER SET ascii NOT NULL DEFAULT '' COMMENT 'The name of the object type in which the file is used.',
  `id` varchar(64) CHARACTER SET ascii NOT NULL DEFAULT '0' COMMENT 'The primary key of the object using the file.',
  `count` int(10) UNSIGNED NOT NULL DEFAULT 0 COMMENT 'The number of times this file is used by this object.',
  PRIMARY KEY (`fid`,`type`,`id`,`module`),
  KEY `type_id` (`type`,`id`),
  KEY `fid_count` (`fid`,`count`),
  KEY `fid_module` (`fid`,`module`)
) ENGINE=InnoDB DEFAULT CHARSET=utf8mb4 COMMENT='Track where a file is used.';

--
-- Dumping data for table `file_usage`
--

INSERT INTO `file_usage` (`fid`, `module`, `type`, `id`, `count`) VALUES
(5, 'file', 'node', '7', 1),
(6, 'file', 'node', '8', 1),
(6, 'file', 'paragraph', '15', 1),
(7, 'file', 'node', '9', 1),
(7, 'file', 'paragraph', '47', 1),
(8, 'file', 'node', '10', 1),
(8, 'file', 'paragraph', '47', 1),
(9, 'file', 'node', '11', 1),
(9, 'file', 'paragraph', '1', 1),
(9, 'file', 'paragraph', '47', 1),
(10, 'file', 'node', '12', 1),
(10, 'file', 'paragraph', '1', 1),
(10, 'file', 'paragraph', '47', 1),
(11, 'file', 'node', '13', 1),
(11, 'file', 'paragraph', '47', 1),
(12, 'file', 'node', '14', 1),
(12, 'file', 'paragraph', '47', 1),
(13, 'file', 'node', '15', 1),
(13, 'file', 'paragraph', '47', 1),
(14, 'file', 'node', '16', 1),
(14, 'file', 'paragraph', '1', 1),
(14, 'file', 'paragraph', '45', 1),
(15, 'file', 'node', '17', 1),
(15, 'file', 'paragraph', '11', 1),
(16, 'file', 'node', '18', 1),
(16, 'file', 'paragraph', '45', 1),
(17, 'file', 'node', '19', 1),
(18, 'file', 'node', '20', 1),
(19, 'file', 'node', '21', 1),
(20, 'file', 'node', '22', 1),
(21, 'file', 'node', '23', 1),
(22, 'file', 'node', '24', 1),
(23, 'file', 'node', '25', 1),
(24, 'file', 'node', '26', 1),
(25, 'file', 'node', '27', 1),
(26, 'file', 'node', '28', 1),
(27, 'file', 'node', '29', 1),
(28, 'file', 'node', '30', 1),
(29, 'file', 'node', '31', 1),
(30, 'file', 'node', '32', 1),
(31, 'file', 'node', '33', 1),
(32, 'file', 'node', '34', 1),
(33, 'file', 'node', '35', 1),
(34, 'file', 'node', '36', 1),
(35, 'file', 'node', '37', 1),
(36, 'file', 'node', '38', 1),
(37, 'file', 'node', '89', 1),
(37, 'file', 'node', '39', 2),
(38, 'imce', 'file', '38', 1),
(38, 'file', 'node', '40', 2),
(39, 'file', 'node', '45', 1),
(39, 'file', 'node', '47', 1),
(39, 'file', 'node', '86', 1),
(39, 'file', 'node', '88', 1),
(39, 'file', 'node', '41', 2),
(40, 'imce', 'file', '40', 1),
(40, 'file', 'node', '44', 1),
(40, 'file', 'node', '45', 1),
(40, 'file', 'node', '46', 1),
(40, 'file', 'node', '42', 2),
(41, 'file', 'node', '39', 1),
(41, 'file', 'node', '84', 1),
(41, 'file', 'node', '43', 2),
(42, 'file', 'node', '40', 1),
(42, 'file', 'node', '41', 1),
(42, 'file', 'node', '42', 1),
(42, 'file', 'node', '85', 1),
(42, 'file', 'node', '44', 2),
(43, 'imce', 'file', '43', 1),
(43, 'file', 'node', '43', 1),
(43, 'file', 'node', '46', 1),
(43, 'file', 'node', '45', 2),
(44, 'file', 'node', '39', 1),
(44, 'file', 'node', '40', 1),
(44, 'file', 'node', '43', 1),
(44, 'file', 'node', '48', 1),
(44, 'file', 'node', '90', 1),
(44, 'file', 'node', '46', 2),
(45, 'imce', 'file', '45', 1),
(45, 'file', 'node', '40', 1),
(45, 'file', 'node', '41', 1),
(45, 'file', 'node', '44', 1),
(45, 'file', 'node', '48', 1),
(45, 'file', 'node', '47', 2),
(46, 'file', 'node', '41', 1),
(46, 'file', 'node', '87', 1),
(46, 'file', 'node', '48', 2),
(64, 'file', 'node', '65', 1),
(65, 'file', 'node', '66', 1),
(66, 'file', 'node', '67', 1),
(67, 'file', 'node', '68', 1),
(68, 'file', 'node', '24', 1),
(69, 'file', 'node', '24', 1),
(79, 'imce', 'file', '79', 1),
(79, 'file', 'node', '91', 1),
(79, 'file', 'paragraph', '1', 1),
(79, 'file', 'paragraph', '19', 1),
(79, 'file', 'paragraph', '27', 1),
(79, 'file', 'paragraph', '31', 1),
(79, 'file', 'paragraph', '45', 1),
(80, 'imce', 'file', '80', 1),
(80, 'file', 'node', '92', 1),
(80, 'file', 'paragraph', '11', 1),
(80, 'file', 'paragraph', '33', 1),
(80, 'file', 'paragraph', '37', 1),
(80, 'file', 'paragraph', '39', 1),
(80, 'file', 'paragraph', '45', 1),
(80, 'file', 'paragraph', '7', 1),
(81, 'imce', 'file', '81', 1),
(81, 'file', 'node', '93', 1),
(81, 'file', 'paragraph', '1', 1),
(81, 'file', 'paragraph', '15', 1),
(81, 'file', 'paragraph', '19', 1),
(81, 'file', 'paragraph', '27', 1),
(81, 'file', 'paragraph', '31', 1),
(81, 'file', 'paragraph', '49', 1),
(81, 'file', 'paragraph', '9', 1),
(82, 'imce', 'file', '82', 1),
(82, 'file', 'node', '94', 1),
(82, 'file', 'paragraph', '11', 1),
(82, 'file', 'paragraph', '19', 1),
(82, 'file', 'paragraph', '22', 1),
(82, 'file', 'paragraph', '27', 1),
(82, 'file', 'paragraph', '33', 1),
(82, 'file', 'paragraph', '39', 1),
(82, 'file', 'paragraph', '49', 1),
(82, 'file', 'paragraph', '7', 1),
(83, 'imce', 'file', '83', 1),
(83, 'file', 'node', '95', 1),
(83, 'file', 'paragraph', '1', 1),
(83, 'file', 'paragraph', '15', 1),
(83, 'file', 'paragraph', '27', 1),
(83, 'file', 'paragraph', '31', 1),
(83, 'file', 'paragraph', '37', 1),
(83, 'file', 'paragraph', '49', 1),
(84, 'imce', 'file', '84', 1),
(84, 'file', 'node', '96', 1),
(84, 'file', 'paragraph', '1', 1),
(84, 'file', 'paragraph', '11', 1),
(84, 'file', 'paragraph', '22', 1),
(84, 'file', 'paragraph', '39', 1),
(84, 'file', 'paragraph', '49', 1),
(84, 'file', 'paragraph', '7', 1),
(84, 'file', 'paragraph', '9', 1),
(85, 'imce', 'file', '85', 1),
(85, 'file', 'node', '97', 1),
(85, 'file', 'paragraph', '11', 1),
(85, 'file', 'paragraph', '15', 1),
(85, 'file', 'paragraph', '22', 1),
(85, 'file', 'paragraph', '7', 1),
(86, 'imce', 'file', '86', 1),
(86, 'file', 'node', '98', 1),
(86, 'file', 'paragraph', '11', 1),
(87, 'imce', 'file', '87', 1),
(87, 'file', 'node', '99', 1),
(87, 'file', 'paragraph', '11', 1),
(88, 'imce', 'file', '88', 1),
(88, 'file', 'node', '100', 1),
(89, 'imce', 'file', '89', 1),
(89, 'file', 'node', '101', 1),
(90, 'imce', 'file', '90', 1),
(90, 'file', 'node', '102', 1),
(91, 'imce', 'file', '91', 1),
(91, 'file', 'node', '103', 1),
(92, 'imce', 'file', '92', 1),
(92, 'file', 'node', '104', 1),
(93, 'imce', 'file', '93', 1),
(93, 'file', 'node', '105', 1),
(94, 'imce', 'file', '94', 1),
(94, 'file', 'node', '106', 1),
(95, 'imce', 'file', '95', 1),
(95, 'file', 'node', '107', 1),
(96, 'imce', 'file', '96', 1),
(96, 'file', 'node', '108', 1),
(96, 'file', 'paragraph', '1', 1),
(96, 'file', 'paragraph', '47', 1),
(98, 'file', 'user', '1', 1);

-- --------------------------------------------------------

--
-- Table structure for table `flood`
--

CREATE TABLE IF NOT EXISTS `flood` (
  `fid` int(11) NOT NULL AUTO_INCREMENT COMMENT 'Unique flood event ID.',
  `event` varchar(64) CHARACTER SET ascii NOT NULL DEFAULT '' COMMENT 'Name of event (e.g. contact).',
  `identifier` varchar(128) CHARACTER SET ascii NOT NULL DEFAULT '' COMMENT 'Identifier of the visitor, such as an IP address or hostname.',
  `timestamp` bigint(20) NOT NULL DEFAULT 0 COMMENT 'Timestamp of the event.',
  `expiration` bigint(20) NOT NULL DEFAULT 0 COMMENT 'Expiration timestamp. Expired events are purged on cron run.',
  PRIMARY KEY (`fid`),
  KEY `allow` (`event`,`identifier`,`timestamp`),
  KEY `purge` (`expiration`)
) ENGINE=InnoDB AUTO_INCREMENT=3 DEFAULT CHARSET=utf8mb4 COMMENT='Flood controls the threshold of events, such as the number…';

-- --------------------------------------------------------

--
-- Table structure for table `gavias_blockbuilder`
--

CREATE TABLE IF NOT EXISTS `gavias_blockbuilder` (
  `id` int(11) NOT NULL AUTO_INCREMENT,
  `title` varchar(255) DEFAULT NULL,
  `body_class` varchar(255) DEFAULT NULL,
  `params` longtext DEFAULT NULL,
  PRIMARY KEY (`id`)
) ENGINE=InnoDB AUTO_INCREMENT=21 DEFAULT CHARSET=utf8mb4;

--
-- Dumping data for table `gavias_blockbuilder`
--

INSERT INTO `gavias_blockbuilder` (`id`, `title`, `body_class`, `params`) VALUES
(1, '1. Home 1', 'home_1', '[encoded data, 11736 characters]'),
(2, '1. Home 2', 'home_2', '[encoded data, 12164 characters]'),
(3, '1. Home 3', 'home_3', '[encoded data, 7816 characters]'),
(4, '1. Home 4', 'home_4', '[encoded data, 10228 characters]'),
(5, '1. Home 5', 'home_5', 'W3siYXR0ciI6eyJiZ19pbWFnZSI6IiIsImJnX2NvbG9yIjoiIiwiYmdfcG9zaXRpb24iOiJjZW50ZXIgdG9wIiwiYmdfcmVwZWF0Ijoibm8tcmVwZWF0IiwiYmdfYXR0YWNobWVudCI6InNjcm9sbCIsImJnX3NpemUiOiJjb3ZlciIsImJnX3ZpZGVvIjoiIiwic3R5bGVfc3BhY2UiOiJyZW1vdmVfcGFkZGluZyIsInBhZGRpbmdfdG9wIjoiMjAiLCJwYWRkaW5nX2JvdHRvbSI6IjAiLCJtYXJnaW5fdG9wIjoiMCIsIm1hcmdpbl9ib3R0b20iOiIwIiwibGF5b3V0IjoiY29udGFpbmVyLWZ3IiwiZXF1YWxfaGVpZ2h0IjoiIiwiaWNvbiI6IiIsImNsYXNzIjoiIiwicm93X2lkIjoiIn0sImNvbHVtbnMiOnsiMSI6eyJhdHRyIjp7InNpemUiOiIxMiIsInR5cGUiOiIiLCJiZ19pbWFnZSI6IiIsImJnX2NvbG9yIjoiIiwiYmdfcG9zaXRpb24iOiJjZW50ZXIgdG9wIiwiYmdfcmVwZWF0Ijoibm8tcmVwZWF0IiwiYmdfYXR0YWNobWVudCI6InNjcm9sbCIsImJnX3NpemUiOiJjb3ZlciIsImNsYXNzIjoiIiwiY2xhc3NfaW5uZXIiOiIiLCJjb2x1bW5faWQiOiIiLCJoaWRkZW5fbGciOiJzaG93IiwiaGlkZGVuX21kIjoic2hvdyIsImhpZGRlbl9zbSI6InNob3ciLCJoaWRkZW5feHMiOiJzaG93In0sIml0ZW1zIjpbeyJ0eXBlIjoiZ3NjX3ZpZXciLCJzaXplIjoxMiwiZmllbGRzIjp7InRpdGxlX2FkbWluIjoiU2xpZGVzaG93cyB8fCBTbGlkZXIgMyBjb2x1bW5zIiwidGl0bGUiOiIiLCJ2aWV3Ijoic2xpZGVzaG93cy0tLS0tYmxvY2tfMyIsInZpZXdfYXJnIjoiIiwic2hvd190aXRsZSI6ImhpZGRlbiIsInN0eWxlX3RleHQiOiJ0ZXh0LWRhcmsiLCJhbGlnbl90aXRsZSI6InRpdGxlLWFsaWduLWxlZnQiLCJyZW1vdmVfbWFyZ2luIjoib2ZmIiwiZWxfY2xhc3MiOiIiLCJhbmltYXRlIjoiIn19XX19fSx7ImF0dHIiOnsiYmdfaW1hZ2UiOiIiLCJiZ19jb2xvciI6IiIsImJnX3Bvc2l0aW9uIjoiY2VudGVyIHRvcCIsImJnX3JlcGVhdCI6Im5vLXJlcGVhdCIsImJnX2F0dGFjaG1lbnQiOiJzY3JvbGwiLCJiZ19zaXplIjoiY292ZXIiLCJiZ192aWRlbyI6IiIsInN0eWxlX3NwYWNlIjoiZGVmYXVsdCIsInBhZGRpbmdfdG9wIjoiMCIsInBhZGRpbmdfYm90dG9tIjoiMCIsIm1hcmdpbl90b3AiOiIwIiwibWFyZ2luX2JvdHRvbSI6IjAiLCJsYXlvdXQiOiJjb250YWluZXItZnciLCJlcXVhbF9oZWlnaHQiOiIiLCJpY29uIjoiIiwiY2xhc3MiOiIiLCJyb3dfaWQiOiIifSwiY29sdW1ucyI6eyIxIjp7ImF0dHIiOnsic2l6ZSI6IjEyIiwidHlwZSI6IiIsImJnX2ltYWdlIjoiIiwiYmdfY29sb3IiOiIiLCJiZ19wb3NpdGlvbiI6ImNlbnRlciB0b3AiLCJiZ19yZXBlYXQiOiJuby1yZXBlYXQiLCJiZ19hdHRhY2htZW50Ijoic2Nyb2xsIiwiYmdfc2l6ZSI6ImNvdmVyIiwiY2xhc3MiOiIiLCJjbGFzc19pbm5lciI6IiIsImNvbHVtbl9pZCI6IiIsImhpZGRlbl9sZyI6InNob3ciLCJoaWRkZW5fbWQiOiJzaG93IiwiaGlkZGVuX3NtIjoic2hvdyIsImhpZGRlbl94cyI6InNob3cifSwiaXRlbXMiOlt7InR5cGUiOiJnc2NfaGVhZGluZyIsInNpemUiOjEyLCJmaWVsZHMiOnsidGl0bGUiOiJSZWNlbnQgTmV3cyIsInN1YiI6IiIsImRlc2MiOiI8cD5Zb3VyIGRhaWx5IGRvc2Ugb2YgaW5zcGlyYXRpb24uIFJpZ2h0IGhlcmUsIHJpZ2h0IG5vdy48XC9wPiIsImFsaWduIjoiYWxpZ24tY2VudGVyIiwic3R5bGUiOiJzdHlsZS0xIiwic3R5bGVfdGV4dCI6InRleHQtZGFyayIsInJlbW92ZV9wYWRkaW5nIjoiIiwiZWxfY2xhc3MiOiIiLCJhbmltYXRlIjoiIn19LHsidHlwZSI6ImdzY192aWV3Iiwic2l6ZSI6MTIsImZpZWxkcyI6eyJ0aXRsZV9hZG1pbiI6IkFydGljbGUgQmxvY2tzIHx8IFJlY2VudCBMb2FkIE1vcmUgMiIsInRpdGxlIjoiIiwidmlldyI6ImFydGljbGVfYmxvY2tzLS0tLS1ibG9ja18xMCIsInZpZXdfYXJnIjoiIiwic2hvd190aXRsZSI6ImhpZGRlbiIsInN0eWxlX3RleHQiOiJ0ZXh0LWRhcmsiLCJhbGlnbl90aXRsZSI6InRpdGxlLWFsaWduLWxlZnQiLCJyZW1vdmVfbWFyZ2luIjoib2ZmIiwiZWxfY2xhc3MiOiIiLCJhbmltYXRlIjoiIn19XX19fV0=');
INSERT INTO `gavias_blockbuilder` (`id`, `title`, `body_class`, `params`) VALUES
(6, '1. Home 6', 'home_6', '[encoded data, 9056 characters]'),
(7, '2. Services', 'services', '[encoded data, 13832 characters]'),
(8, '2. About', 'about', '[encoded data, 13108 characters]'),
(13, 'Block Menu Magazine', 'block_menu_magazine', 'W3siYXR0ciI6eyJiZ19pbWFnZSI6IiIsImJnX2NvbG9yIjoiIiwiYmdfcG9zaXRpb24iOiJjZW50ZXIgdG9wIiwiYmdfcmVwZWF0Ijoibm8tcmVwZWF0IiwiYmdfYXR0YWNobWVudCI6InNjcm9sbCIsImJnX3NpemUiOiJjb3ZlciIsImJnX3ZpZGVvIjoiIiwic3R5bGVfc3BhY2UiOiJyZW1vdmVfcGFkZGluZyIsInBhZGRpbmdfdG9wIjoiMCIsInBhZGRpbmdfYm90dG9tIjoiMCIsIm1hcmdpbl90b3AiOiIwIiwibWFyZ2luX2JvdHRvbSI6IjAiLCJsYXlvdXQiOiJjb250YWluZXIiLCJlcXVhbF9oZWlnaHQiOiIiLCJpY29uIjoiIiwiY2xhc3MiOiIiLCJyb3dfaWQiOiIifSwiY29sdW1ucyI6eyIxIjp7ImF0dHIiOnsic2l6ZSI6IjEyIiwidHlwZSI6IiIsImJnX2ltYWdlIjoiIiwiYmdfY29sb3IiOiIiLCJiZ19wb3NpdGlvbiI6ImNlbnRlciB0b3AiLCJiZ19yZXBlYXQiOiJuby1yZXBlYXQiLCJiZ19hdHRhY2htZW50Ijoic2Nyb2xsIiwiYmdfc2l6ZSI6ImNvdmVyIiwiY2xhc3MiOiIiLCJjbGFzc19pbm5lciI6IiIsImNvbHVtbl9pZCI6IiIsImhpZGRlbl9sZyI6InNob3ciLCJoaWRkZW5fbWQiOiJzaG93IiwiaGlkZGVuX3NtIjoic2hvdyIsImhpZGRlbl94cyI6InNob3cifSwiaXRlbXMiOlt7InR5cGUiOiJnc2Nfdmlld190YWJzX2FqYXgiLCJzaXplIjoxMiwiZmllbGRzIjp7InRpdGxlIjoiUmVjZW50IE5ld3MiLCJzdHlsZSI6InN0eWxlLTMiLCJhbmltYXRlIjoiIiwiZWxfY2xhc3MiOiIiLCJ0aXRsZV8xIjoiQnVzaW5lc3MiLCJ2aWV3XzEiOiJwb3N0c19tZW51LS0tLS1ibG9ja18xIiwidGl0bGVfMiI6Ik11c2ljIiwidmlld18yIjoicG9zdHNfbWVudS0tLS0tYmxvY2tfMiIsInRpdGxlXzMiOiJMaWZlIFN0eWxlIiwidmlld18zIjoicG9zdHNfbWVudS0tLS0tYmxvY2tfMyIsInRpdGxlXzQiOiIiLCJ2aWV3XzQiOiIiLCJ0aXRsZV81IjoiIiwidmlld181IjoiIiwidGl0bGVfNiI6IiIsInZpZXdfNiI6IiIsInRpdGxlXzciOiIiLCJ2aWV3XzciOiIiLCJ0aXRsZV84IjoiIiwidmlld184IjoiIiwidGl0bGVfOSI6IiIsInZpZXdfOSI6IiIsInRpdGxlXzEwIjoiIiwidmlld18xMCI6IiJ9fV19fX1d'),
(14, 'Element Call to Action', 'el_cta', '[encoded data, 5796 characters]'),
(15, 'Element Heading', 'el_heading', '[encoded data, 5240 characters]');
INSERT INTO `gavias_blockbuilder` (`id`, `title`, `body_class`, `params`) VALUES
(16, 'Element Icon Box', 'el_iconbox', '[encoded data, 24820 characters]'),
(17, 'Element Chart', 'el_chart', '[encoded data, 5096 characters]'),
(18, 'Element Team', 'el_team', '[encoded data, 10516 characters]'),
(19, 'Element Tabs', 'el_tabs', '[encoded data, 7536 characters]');
INSERT INTO `gavias_blockbuilder` (`id`, `title`, `body_class`, `params`) VALUES
(20, 'Element Button', 'el_button', '[encoded data, 22464 characters]');

-- --------------------------------------------------------

--
-- Table structure for table `gavias_content_builder`
--

CREATE TABLE IF NOT EXISTS `gavias_content_builder` (
  `id` int(11) NOT NULL AUTO_INCREMENT,
  `title` varchar(255) DEFAULT NULL,
  `machine_name` varchar(255) DEFAULT NULL,
  `use_field` int(11) DEFAULT 1,
  `type` varchar(255) DEFAULT NULL,
  `params` longtext DEFAULT NULL,
  `params_1` varchar(255) DEFAULT NULL,
  `params_2` varchar(255) DEFAULT NULL,
  `params_3` varchar(255) DEFAULT NULL,
  PRIMARY KEY (`id`)
) ENGINE=InnoDB AUTO_INCREMENT=10 DEFAULT CHARSET=utf8mb4;

--
-- Dumping data for table `gavias_content_builder`
--

INSERT INTO `gavias_content_builder` (`id`, `title`, `machine_name`, `use_field`, `type`, `params`, `params_1`, `params_2`, `params_3`) VALUES
(1, 'Home 1', '', 1, NULL, '[{\"settings\":{\"bg_particles\":\"off\",\"bg_position\":\"center top\",\"bg_repeat\":\"no-repeat\",\"bg_attachment\":\"scroll\",\"bg_size\":\"cover\",\"style_space\":\"remove_padding_bottom\",\"layout\":\"container\",\"class\":\"before-help-region\"},\"columns\":[{\"settings\":{\"element\":\"gva_column\"},\"col_lg\":12,\"elements\":[{\"settings\":{\"view\":\"slideshows-----slider_v1\",\"show_title\":\"hidden\",\"style_text\":\"text-dark\",\"align_title\":\"title-align-left\",\"remove_margin\":\"off\",\"title_admin\":\"Slideshows || Slider 1|4\",\"animate_delay\":\"0\",\"remove_margin_post\":\"off\",\"background_white\":\"off\",\"hidden_category\":\"show\"},\"editing\":false,\"element_name\":\"gva_view\"}],\"editing\":false,\"element_name\":\"gva_column\"}],\"editing\":false,\"element_name\":\"gva_row\"},{\"settings\":{\"element\":\"gva_row\",\"bg_particles\":\"off\",\"bg_position\":\"center top\",\"bg_repeat\":\"no-repeat\",\"bg_attachment\":\"scroll\",\"bg_size\":\"cover\",\"style_space\":\"remove_padding_top\",\"layout\":\"container\"},\"columns\":[{\"settings\":{\"element\":\"gva_column\"},\"col_lg\":12,\"elements\":[{\"settings\":{\"view\":\"article_blocks-----block_1\",\"show_title\":\"title_view\",\"style_text\":\"text-dark\",\"align_title\":\"title-align-center\",\"remove_margin\":\"on\",\"title_admin\":\"Article Blocks || Carousel Featured\",\"animate_delay\":\"0\",\"hidden_category\":\"show\",\"remove_margin_post\":\"off\",\"style_heading\":\"heading-2\"},\"editing\":false,\"element_name\":\"gva_view\"}],\"editing\":false,\"element_name\":\"gva_column\"}],\"editing\":false,\"element_name\":\"gva_row\"},{\"settings\":{\"element\":\"gva_row\",\"bg_particles\":\"off\",\"bg_position\":\"center top\",\"bg_repeat\":\"no-repeat\",\"bg_attachment\":\"scroll\",\"bg_size\":\"cover\",\"style_space\":\"remove_padding_top\",\"layout\":\"container\"},\"columns\":[{\"settings\":{\"element\":\"gva_column\",\"bg_position\":\"center top\",\"bg_repeat\":\"no-repeat\",\"bg_attachment\":\"scroll\",\"bg_size\":\"cover\",\"class_available\":\"main_content sright\"},\"col_lg\":8,\"elements\":[{\"settings\":{\"title\":\"Last News\",\"style\":\"style-3\",\"block_color\":\"red\",\"title_1\":\"Sport\",\"view_1\":\"article_category_blocks-----block_10\",\"title_2\":\"Life Style\",\"view_2\":\"article_category_blocks-----block_7\",\"title_3\":\"Business\",\"view_3\":\"article_category_blocks-----block_8\",\"hidden_category\":\"show\",\"animate_delay\":\"0\"},\"editing\":false,\"element_name\":\"gva_view_tabs_ajax\"},{\"settings\":{\"image\":\"/sites/default/files/gbb-uploads/ads.png\",\"align\":\"center\",\"link\":\"#\",\"target\":\"off\",\"animate_delay\":\"0\"},\"editing\":false,\"element_name\":\"gva_image\"},{\"settings\":{},\"editing\":false,\"element_name\":\"gva_row\",\"row\":{\"settings\":{\"element\":\"gva_row\",\"bg_particles\":\"off\",\"bg_position\":\"center top\",\"bg_repeat\":\"no-repeat\",\"bg_attachment\":\"scroll\",\"bg_size\":\"cover\",\"style_space\":\"remove_padding\",\"layout\":\"container\"},\"columns\":[{\"settings\":{\"element\":\"gva_column\",\"bg_position\":\"center top\",\"bg_repeat\":\"no-repeat\",\"bg_attachment\":\"scroll\",\"bg_size\":\"cover\",\"col_sm\":\"6\"},\"col_lg\":6,\"elements\":[{\"settings\":{\"title_admin\":\"Article Category Blocks || Layout 2-Business\",\"view\":\"article_category_blocks-----block_19\",\"show_title\":\"title_view\",\"style_text\":\"text-dark\",\"align_title\":\"title-align-left\",\"remove_margin\":\"off\",\"hidden_category\":\"show\",\"animate_delay\":\"0\",\"remove_margin_post\":\"off\",\"block_color\":\"green\"},\"editing\":false,\"element_name\":\"gva_view\"}],\"editing\":false,\"element_name\":\"gva_column\",\"column\":12},{\"settings\":{\"element\":\"gva_column\",\"bg_position\":\"center top\",\"bg_repeat\":\"no-repeat\",\"bg_attachment\":\"scroll\",\"bg_size\":\"cover\",\"col_sm\":\"6\"},\"col_lg\":6,\"elements\":[{\"settings\":{\"title_admin\":\"Article Category Blocks || Layout 2-Life Style\",\"view\":\"article_category_blocks-----block_18\",\"show_title\":\"title_view\",\"style_text\":\"text-dark\",\"align_title\":\"title-align-left\",\"remove_margin\":\"off\",\"hidden_category\":\"show\",\"remove_margin_post\":\"off\",\"block_color\":\"orange\",\"animate_delay\":\"0\"},\"editing\":false,\"element_name\":\"gva_view\"}],\"editing\":false,\"element_name\":\"gva_column\"}],\"editing\":false,\"element_name\":\"gva_row\"},\"create_edit_form\":true},{\"settings\":{\"title_admin\":\"Article Blocks || Grid-Recent\",\"view\":\"article_blocks-----block_4\",\"show_title\":\"title_view\",\"style_text\":\"text-dark\",\"align_title\":\"title-align-left\",\"remove_margin\":\"off\",\"animate_delay\":\"0\",\"remove_margin_post\":\"off\",\"background_white\":\"off\",\"hidden_category\":\"show\",\"block_color\":\"blue\"},\"editing\":false,\"element_name\":\"gva_view\"},{\"settings\":{\"image\":\"/sites/default/files/other/adv-header.jpg\",\"align\":\"center\",\"target\":\"off\"},\"editing\":false,\"element_name\":\"gva_image\"}],\"editing\":false,\"element_name\":\"gva_column\"},{\"settings\":{\"element\":\"gva_column\",\"bg_position\":\"center top\",\"bg_repeat\":\"no-repeat\",\"bg_attachment\":\"scroll\",\"bg_size\":\"cover\",\"col_sm\":\"12\",\"class_available\":\"sidebar sright\"},\"col_lg\":4,\"elements\":[{\"settings\":{\"title\":\"Instagram\",\"username\":\"foodnetwork\",\"number\":\"6\",\"columns\":\"3\",\"columns_md\":\"3\",\"columns_sm\":\"2\",\"link\":\"1\",\"style\":\"style-2\"},\"editing\":false,\"element_name\":\"gva_instagram\"},{\"settings\":{\"title\":\"Ajax tabs\",\"style\":\"style-1\",\"block_color\":\"red\",\"title_1\":\"Featured\",\"view_1\":\"article_blocks-----block_9\",\"title_2\":\"Recent\",\"view_2\":\"article_blocks-----block_11\"},\"editing\":false,\"element_name\":\"gva_view_tabs_ajax\"},{\"settings\":{\"title_admin\":\"Social Networks\",\"block_drupal\":\"gavias_sancy_socialsidebar\",\"hidden_title\":\"on\",\"align_title\":\"title-align-left\",\"remove_margin\":\"off\",\"style_text\":\"text-dark\",\"animate_delay\":\"0\"},\"editing\":false,\"element_name\":\"gva_drupal_block\"}],\"editing\":false,\"element_name\":\"gva_column\"}],\"editing\":false,\"element_name\":\"gva_row\"},{\"settings\":{\"element\":\"gva_row\",\"bg_particles\":\"off\",\"bg_position\":\"center top\",\"bg_repeat\":\"no-repeat\",\"bg_attachment\":\"scroll\",\"bg_size\":\"cover\",\"style_space\":\"remove_padding_top\",\"layout\":\"container-fw\"},\"columns\":[{\"settings\":{\"element\":\"gva_column\",\"bg_position\":\"center top\",\"bg_repeat\":\"no-repeat\",\"bg_attachment\":\"scroll\",\"bg_size\":\"cover\"},\"col_lg\":12,\"elements\":[{\"settings\":{\"title_admin\":\"Video || Video Grid\",\"view\":\"video-----video_grid\",\"show_title\":\"hidden\",\"style_text\":\"text-dark\",\"align_title\":\"title-align-left\",\"remove_margin\":\"on\",\"hidden_category\":\"show\",\"remove_margin_post\":\"off\",\"animate_delay\":\"0\"},\"editing\":false,\"element_name\":\"gva_view\"}],\"editing\":false,\"element_name\":\"gva_column\"}],\"editing\":false,\"element_name\":\"gva_row\"},{\"settings\":{\"element\":\"gva_row\",\"bg_particles\":\"off\",\"bg_position\":\"center top\",\"bg_repeat\":\"no-repeat\",\"bg_attachment\":\"scroll\",\"bg_size\":\"cover\",\"style_space\":\"default\",\"layout\":\"container\"},\"columns\":[{\"settings\":{\"element\":\"gva_column\",\"bg_position\":\"center top\",\"bg_repeat\":\"no-repeat\",\"bg_attachment\":\"scroll\",\"bg_size\":\"cover\",\"class_available\":\"main_content sright\"},\"col_lg\":8,\"elements\":[{\"settings\":{\"title_admin\":\"Gallery || Gallery Grid\",\"view\":\"gallery-----block_2\",\"show_title\":\"title_view\",\"style_text\":\"text-dark\",\"align_title\":\"title-align-left\",\"remove_margin\":\"off\",\"hidden_category\":\"show\",\"remove_margin_post\":\"off\",\"block_color\":\"light-pink\",\"animate_delay\":\"0\"},\"editing\":false,\"element_name\":\"gva_view\"},{\"settings\":{\"view\":\"article_category_blocks-----block_9\",\"show_title\":\"title_view\",\"style_text\":\"text-dark\",\"align_title\":\"title-align-left\",\"remove_margin\":\"off\",\"title_admin\":\"Article Category Blocks || Layout 1-Music\",\"animate_delay\":\"0\",\"hidden_category\":\"show\",\"remove_margin_post\":\"off\",\"block_color\":\"purple\"},\"editing\":false,\"element_name\":\"gva_view\"},{\"settings\":{\"title_admin\":\"Article Blocks || Carousel - Trending\",\"view\":\"article_blocks-----block_7\",\"show_title\":\"title_view\",\"extra_links\":\"<p><a href=\\\"#\\\">Music</a> <a href=\\\"#\\\">Sport</a> <a href=\\\"#\\\">Film</a></p>\",\"hidden_category\":\"show\",\"style_text\":\"text-dark\",\"align_title\":\"title-align-left\",\"remove_margin\":\"off\",\"remove_margin_post\":\"off\",\"animate_delay\":\"0\",\"el_class\":\"block-black\",\"block_color\":\"white\"},\"editing\":false,\"element_name\":\"gva_view\"},{\"settings\":{\"title_admin\":\"Article Blocks || List - Recent\",\"view\":\"article_blocks-----block_15\",\"show_title\":\"title_view\",\"style_text\":\"text-dark\",\"align_title\":\"title-align-left\",\"remove_margin\":\"off\",\"hidden_category\":\"show\",\"animate_delay\":\"0\",\"remove_margin_post\":\"off\",\"block_color\":\"violet\"},\"editing\":false,\"element_name\":\"gva_view\"}],\"editing\":false,\"element_name\":\"gva_column\"},{\"settings\":{\"element\":\"gva_column\",\"bg_position\":\"center top\",\"bg_repeat\":\"no-repeat\",\"bg_attachment\":\"scroll\",\"bg_size\":\"cover\",\"class_available\":\"sidebar sright\"},\"col_lg\":4,\"elements\":[{\"settings\":{\"title_admin\":\"Article Blocks || Stick List - Trending\",\"view\":\"article_blocks-----block_2\",\"show_title\":\"title_view\",\"style_text\":\"text-dark\",\"align_title\":\"title-align-left\",\"remove_margin\":\"off\",\"hidden_category\":\"show\",\"animate_delay\":\"0\",\"remove_margin_post\":\"off\",\"block_color\":\"black\"},\"editing\":false,\"element_name\":\"gva_view\"},{\"settings\":{\"image\":\"/sites/default/files/gbb-uploads/banner.png\",\"align\":\"center\",\"target\":\"off\"},\"editing\":false,\"element_name\":\"gva_image\"},{\"settings\":{\"block_drupal\":\"gavias_sancy_fblikebox\",\"hidden_title\":\"on\",\"align_title\":\"title-align-left\",\"remove_margin\":\"off\",\"style_text\":\"text-dark\",\"title_admin\":\"FB Likebox\",\"block_color\":\"blue\",\"animate_delay\":\"0\"},\"editing\":false,\"element_name\":\"gva_drupal_block\"}],\"editing\":false,\"element_name\":\"gva_column\"}],\"editing\":false,\"element_name\":\"gva_row\"}]', NULL, NULL, NULL),
(2, 'Home 2', '', 1, NULL, '[{\"settings\":{\"bg_particles\":\"off\",\"bg_position\":\"center top\",\"bg_repeat\":\"no-repeat\",\"bg_attachment\":\"scroll\",\"bg_size\":\"cover\",\"style_space\":\"default\",\"layout\":\"container\",\"class\":\"before-help-region\"},\"columns\":[{\"settings\":{\"element\":\"gva_column\"},\"col_lg\":12,\"elements\":[{\"settings\":{\"view\":\"slideshows-----slider_v1\",\"show_title\":\"hidden\",\"style_text\":\"text-dark\",\"align_title\":\"title-align-left\",\"remove_margin\":\"off\",\"title_admin\":\"Slideshows || Slider 1|4\",\"animate_delay\":\"0\",\"remove_margin_post\":\"off\",\"background_white\":\"off\",\"hidden_category\":\"show\"},\"editing\":false,\"element_name\":\"gva_view\"}],\"editing\":false,\"element_name\":\"gva_column\"}],\"editing\":false,\"element_name\":\"gva_row\"},{\"settings\":{\"element\":\"gva_row\",\"bg_particles\":\"off\",\"bg_position\":\"center top\",\"bg_repeat\":\"no-repeat\",\"bg_attachment\":\"scroll\",\"bg_size\":\"cover\",\"style_space\":\"remove_padding_top\",\"layout\":\"container\"},\"columns\":[{\"settings\":{\"element\":\"gva_column\"},\"col_lg\":12,\"elements\":[{\"settings\":{\"view\":\"article_blocks-----block_1\",\"show_title\":\"hidden\",\"style_text\":\"text-dark\",\"align_title\":\"title-align-left\",\"remove_margin\":\"off\",\"title_admin\":\"Article Blocks || Carousel - Featured\",\"animate_delay\":\"0\",\"hidden_category\":\"show\",\"remove_margin_post\":\"off\"},\"editing\":false,\"element_name\":\"gva_view\"}],\"editing\":false,\"element_name\":\"gva_column\"}],\"editing\":false,\"element_name\":\"gva_row\"},{\"settings\":{\"element\":\"gva_row\",\"bg_particles\":\"off\",\"bg_position\":\"center top\",\"bg_repeat\":\"no-repeat\",\"bg_attachment\":\"scroll\",\"bg_size\":\"cover\",\"style_space\":\"remove_padding_top\",\"layout\":\"container\"},\"columns\":[{\"settings\":{\"element\":\"gva_column\",\"bg_position\":\"center top\",\"bg_repeat\":\"no-repeat\",\"bg_attachment\":\"scroll\",\"bg_size\":\"cover\",\"col_sm\":\"12\"},\"col_lg\":4,\"elements\":[{\"settings\":{\"title_admin\":\"Article Category Blocks || Layout 2-Business\",\"view\":\"article_category_blocks-----block_19\",\"show_title\":\"title_view\",\"style_text\":\"text-dark\",\"align_title\":\"title-align-left\",\"remove_margin\":\"off\",\"remove_margin_post\":\"off\",\"background_white\":\"off\",\"hidden_category\":\"show\",\"animate_delay\":\"0\",\"block_color\":\"green\"},\"editing\":false,\"element_name\":\"gva_view\"}],\"editing\":false,\"element_name\":\"gva_column\"},{\"settings\":{\"element\":\"gva_column\",\"bg_position\":\"center top\",\"bg_repeat\":\"no-repeat\",\"bg_attachment\":\"scroll\",\"bg_size\":\"cover\",\"col_sm\":\"6\"},\"col_lg\":4,\"elements\":[{\"settings\":{\"title_admin\":\"Article Category Blocks || Layout 2-Life Style\",\"view\":\"article_category_blocks-----block_18\",\"show_title\":\"title_view\",\"style_text\":\"text-dark\",\"align_title\":\"title-align-left\",\"remove_margin\":\"off\",\"remove_margin_post\":\"off\",\"background_white\":\"off\",\"hidden_category\":\"show\",\"animate_delay\":\"0\",\"block_color\":\"orange\"},\"editing\":false,\"element_name\":\"gva_view\"}],\"editing\":false,\"element_name\":\"gva_column\"},{\"settings\":{\"element\":\"gva_column\",\"bg_position\":\"center top\",\"bg_repeat\":\"no-repeat\",\"bg_attachment\":\"scroll\",\"bg_size\":\"cover\",\"col_sm\":\"6\"},\"col_lg\":4,\"elements\":[{\"settings\":{\"title_admin\":\"Article Category Blocks || Layout 2-Music\",\"view\":\"article_category_blocks-----block_3\",\"show_title\":\"title_view\",\"style_text\":\"text-dark\",\"align_title\":\"title-align-left\",\"remove_margin\":\"on\",\"remove_margin_post\":\"off\",\"background_white\":\"off\",\"hidden_category\":\"show\",\"animate_delay\":\"0\",\"block_color\":\"purple\"},\"editing\":false,\"element_name\":\"gva_view\"}],\"editing\":false,\"element_name\":\"gva_column\"}],\"editing\":false,\"element_name\":\"gva_row\"},{\"settings\":{\"element\":\"gva_row\",\"bg_particles\":\"off\",\"bg_position\":\"center top\",\"bg_repeat\":\"no-repeat\",\"bg_attachment\":\"scroll\",\"bg_size\":\"cover\",\"style_space\":\"remove_padding_top\",\"layout\":\"container\"},\"columns\":[{\"settings\":{\"element\":\"gva_column\"},\"col_lg\":12,\"elements\":[{\"settings\":{\"title_admin\":\"Article Category Blocks || Layout 5-Entertaiment\",\"view\":\"article_category_blocks-----block_1\",\"show_title\":\"title_view\",\"style_text\":\"text-dark\",\"align_title\":\"title-align-left\",\"remove_margin\":\"off\",\"animate_delay\":\"0\",\"remove_margin_post\":\"off\",\"background_white\":\"off\",\"extra_links\":\"<p><a href=\\\"#\\\">Music</a> <a href=\\\"#\\\">Sport</a> <a href=\\\"#\\\">Film</a></p>\",\"hidden_category\":\"show\",\"block_color\":\"red\",\"el_class\":\"block-black\"},\"editing\":false,\"element_name\":\"gva_view\"}],\"editing\":false,\"element_name\":\"gva_column\"}],\"editing\":false,\"element_name\":\"gva_row\"},{\"settings\":{\"element\":\"gva_row\",\"bg_particles\":\"off\",\"bg_position\":\"center top\",\"bg_repeat\":\"no-repeat\",\"bg_attachment\":\"scroll\",\"bg_size\":\"cover\",\"style_space\":\"remove_padding_top\",\"layout\":\"container\"},\"columns\":[{\"settings\":{\"element\":\"gva_column\",\"bg_position\":\"center top\",\"bg_repeat\":\"no-repeat\",\"bg_attachment\":\"scroll\",\"bg_size\":\"cover\"},\"col_lg\":12,\"elements\":[{\"settings\":{\"title_admin\":\"Video || Video Grid 3-2\",\"view\":\"video-----video_grid\",\"show_title\":\"hidden\",\"style_text\":\"text-light\",\"align_title\":\"title-align-left\",\"remove_margin\":\"on\",\"remove_margin_post\":\"off\",\"background_white\":\"off\",\"block_color\":\"light-pink\",\"hidden_category\":\"show\",\"animate_delay\":\"0\"},\"editing\":false,\"element_name\":\"gva_view\"}],\"editing\":false,\"element_name\":\"gva_column\"}],\"editing\":false,\"element_name\":\"gva_row\"},{\"settings\":{\"element\":\"gva_row\",\"bg_particles\":\"off\",\"bg_position\":\"center top\",\"bg_repeat\":\"no-repeat\",\"bg_attachment\":\"scroll\",\"bg_size\":\"cover\",\"style_space\":\"default\",\"layout\":\"container\"},\"columns\":[{\"settings\":{\"element\":\"gva_column\",\"bg_position\":\"center top\",\"bg_repeat\":\"no-repeat\",\"bg_attachment\":\"scroll\",\"bg_size\":\"cover\",\"class_available\":\"main_content sright\"},\"col_lg\":8,\"elements\":[{\"settings\":{\"title_admin\":\"Gallery || Gallery Carousel\",\"view\":\"gallery-----block_gallery\",\"show_title\":\"hidden\",\"style_text\":\"text-dark\",\"align_title\":\"title-align-left\",\"remove_margin\":\"off\",\"hidden_category\":\"show\",\"animate_delay\":\"0\",\"remove_margin_post\":\"off\"},\"editing\":false,\"element_name\":\"gva_view\"},{\"settings\":{\"title_admin\":\"Article Blocks || Carousel - Trending\",\"view\":\"article_blocks-----block_7\",\"show_title\":\"title_view\",\"style_text\":\"text-dark\",\"align_title\":\"title-align-left\",\"remove_margin\":\"off\",\"hidden_category\":\"show\",\"animate_delay\":\"0\",\"remove_margin_post\":\"off\",\"block_color\":\"white\",\"el_class\":\"block-black\"},\"editing\":false,\"element_name\":\"gva_view\"},{\"settings\":{\"title_admin\":\"Article Category Blocks || Layout 1-Music\",\"view\":\"article_category_blocks-----block_9\",\"show_title\":\"title_view\",\"style_text\":\"text-dark\",\"align_title\":\"title-align-left\",\"remove_margin\":\"off\",\"hidden_category\":\"show\",\"animate_delay\":\"0\",\"remove_margin_post\":\"off\",\"block_color\":\"red\"},\"editing\":false,\"element_name\":\"gva_view\"},{\"settings\":{\"title_admin\":\"Article Blocks || List - Recent\",\"view\":\"article_blocks-----block_15\",\"show_title\":\"title_view\",\"style_text\":\"text-dark\",\"align_title\":\"title-align-left\",\"remove_margin\":\"off\",\"hidden_category\":\"show\",\"animate_delay\":\"0\",\"remove_margin_post\":\"off\",\"block_color\":\"red\"},\"editing\":false,\"element_name\":\"gva_view\"}],\"editing\":false,\"element_name\":\"gva_column\"},{\"settings\":{\"element\":\"gva_column\",\"bg_position\":\"center top\",\"bg_repeat\":\"no-repeat\",\"bg_attachment\":\"scroll\",\"bg_size\":\"cover\",\"col_sm\":\"6\",\"class_available\":\"sidebar sright\"},\"col_lg\":4,\"elements\":[{\"settings\":{\"title_admin\":\"Social Networks\",\"block_drupal\":\"gavias_sancy_socialsidebar\",\"hidden_title\":\"on\",\"align_title\":\"title-align-left\",\"remove_margin\":\"off\",\"style_text\":\"text-dark\",\"animate_delay\":\"0\"},\"editing\":false,\"element_name\":\"gva_drupal_block\"},{\"settings\":{\"title_admin\":\"Article Blocks || Layout 2 - Trending\",\"view\":\"article_blocks-----block_2\",\"show_title\":\"title_view\",\"style_text\":\"text-dark\",\"align_title\":\"title-align-left\",\"remove_margin\":\"off\",\"hidden_category\":\"show\",\"animate_delay\":\"0\",\"remove_margin_post\":\"off\"},\"editing\":false,\"element_name\":\"gva_view\"},{\"settings\":{\"image\":\"/sites/default/files/gbb-uploads/banner.png\",\"align\":\"center\",\"target\":\"off\"},\"editing\":false,\"element_name\":\"gva_image\"},{\"settings\":{\"block_drupal\":\"gavias_sancy_fblikebox\",\"hidden_title\":\"on\",\"align_title\":\"title-align-left\",\"remove_margin\":\"off\",\"style_text\":\"text-dark\",\"title_admin\":\"FB Likebox\",\"block_color\":\"navy\",\"animate_delay\":\"0\"},\"editing\":false,\"element_name\":\"gva_drupal_block\"}],\"editing\":false,\"element_name\":\"gva_column\"}],\"editing\":false,\"element_name\":\"gva_row\"}]', NULL, NULL, NULL),
(3, 'Home 3', '', 1, NULL, '[{\"settings\":{\"element\":\"gva_row\",\"bg_particles\":\"off\",\"bg_position\":\"center top\",\"bg_repeat\":\"no-repeat\",\"bg_attachment\":\"scroll\",\"bg_size\":\"cover\",\"style_space\":\"remove_margin remove_padding remove_padding_col\",\"layout\":\"container-fw\",\"class\":\"before-help-region\"},\"columns\":[{\"settings\":{\"element\":\"gva_column\"},\"col_lg\":12,\"elements\":[{\"settings\":{\"title_admin\":\"Slideshows || Slider 3 columns\",\"view\":\"slideshows-----block_3\",\"show_title\":\"hidden\",\"hidden_category\":\"show\",\"style_text\":\"text-dark\",\"align_title\":\"title-align-left\",\"remove_margin\":\"off\",\"remove_margin_post\":\"off\",\"animate_delay\":\"0\"},\"editing\":false,\"element_name\":\"gva_view\"}],\"editing\":false,\"element_name\":\"gva_column\"}],\"editing\":false,\"element_name\":\"gva_row\"},{\"settings\":{\"element\":\"gva_row\",\"bg_particles\":\"off\",\"bg_position\":\"center top\",\"bg_repeat\":\"no-repeat\",\"bg_attachment\":\"scroll\",\"bg_size\":\"cover\",\"style_space\":\"default\",\"layout\":\"container\"},\"columns\":[{\"settings\":{\"element\":\"gva_column\",\"bg_position\":\"center top\",\"bg_repeat\":\"no-repeat\",\"bg_attachment\":\"scroll\",\"bg_size\":\"cover\",\"class_available\":\"main_content sright\"},\"col_lg\":8,\"elements\":[{\"settings\":{\"view\":\"slideshows-----slider_1\",\"show_title\":\"hidden\",\"style_text\":\"text-dark\",\"align_title\":\"title-align-left\",\"remove_margin\":\"off\",\"title_admin\":\"Slideshows || Slider single small\",\"animate_delay\":\"0\",\"remove_margin_post\":\"off\",\"background_white\":\"off\"},\"editing\":false,\"element_name\":\"gva_view\"},{\"settings\":{\"title\":\"Last News\",\"style\":\"style-3\",\"block_color\":\"red\",\"title_1\":\"Sport\",\"view_1\":\"article_category_blocks-----block_12\",\"title_2\":\"Life Style\",\"view_2\":\"article_category_blocks-----block_14\",\"title_3\":\"Business\",\"view_3\":\"article_category_blocks-----block_15\"},\"editing\":false,\"element_name\":\"gva_view_tabs_ajax\"},{\"settings\":{},\"editing\":false,\"element_name\":\"gva_row\",\"row\":{\"settings\":{\"element\":\"gva_row\",\"bg_particles\":\"off\",\"bg_position\":\"center top\",\"bg_repeat\":\"no-repeat\",\"bg_attachment\":\"scroll\",\"bg_size\":\"cover\",\"style_space\":\"remove_padding\",\"layout\":\"container\"},\"columns\":[{\"settings\":{\"element\":\"gva_column\",\"bg_position\":\"center top\",\"bg_repeat\":\"no-repeat\",\"bg_attachment\":\"scroll\",\"bg_size\":\"cover\",\"col_sm\":\"6\"},\"col_lg\":6,\"elements\":[{\"settings\":{\"title_admin\":\"Article Category Blocks || Layout 2-Business\",\"view\":\"article_category_blocks-----block_19\",\"show_title\":\"title_view\",\"hidden_category\":\"show\",\"style_text\":\"text-dark\",\"align_title\":\"title-align-left\",\"remove_margin\":\"off\",\"animate_delay\":\"0\",\"remove_margin_post\":\"off\",\"block_color\":\"green\"},\"editing\":false,\"element_name\":\"gva_view\"}],\"editing\":false,\"element_name\":\"gva_column\",\"column\":12},{\"settings\":{\"element\":\"gva_column\",\"bg_position\":\"center top\",\"bg_repeat\":\"no-repeat\",\"bg_attachment\":\"scroll\",\"bg_size\":\"cover\",\"col_sm\":\"6\"},\"col_lg\":6,\"elements\":[{\"settings\":{\"title_admin\":\"Article Category Blocks || Layout 2-Music\",\"view\":\"article_category_blocks-----block_3\",\"show_title\":\"title_view\",\"hidden_category\":\"show\",\"style_text\":\"text-dark\",\"align_title\":\"title-align-left\",\"remove_margin\":\"off\",\"animate_delay\":\"0\",\"remove_margin_post\":\"off\",\"block_color\":\"purple\"},\"editing\":false,\"element_name\":\"gva_view\"}],\"editing\":false,\"element_name\":\"gva_column\"}],\"editing\":false,\"element_name\":\"gva_row\"},\"create_edit_form\":true},{\"settings\":{\"image\":\"/sites/default/files/other/adv-header.jpg\",\"align\":\"center\",\"target\":\"off\"},\"editing\":false,\"element_name\":\"gva_image\"}],\"editing\":false,\"element_name\":\"gva_column\"},{\"settings\":{\"element\":\"gva_column\",\"bg_position\":\"center top\",\"bg_repeat\":\"no-repeat\",\"bg_attachment\":\"scroll\",\"bg_size\":\"cover\",\"el_class\":\"sidebar\",\"col_sm\":\"12\",\"class_available\":\"sidebar sright\"},\"col_lg\":4,\"elements\":[{\"settings\":{\"title_admin\":\"Social Networks\",\"block_drupal\":\"gavias_sancy_socialsidebar\",\"hidden_title\":\"on\",\"align_title\":\"title-align-left\",\"remove_margin\":\"off\",\"style_text\":\"text-dark\",\"animate_delay\":\"0\"},\"editing\":false,\"element_name\":\"gva_drupal_block\"},{\"settings\":{\"title\":\"Instagram\",\"username\":\"foodnetwork\",\"number\":\"6\",\"columns\":\"3\",\"columns_md\":\"3\",\"columns_sm\":\"2\",\"link\":\"1\",\"style\":\"style-2\"},\"editing\":false,\"element_name\":\"gva_instagram\"},{\"settings\":{\"title_admin\":\"Article Blocks || Stick List - Trending\",\"view\":\"article_blocks-----block_2\",\"show_title\":\"title_view\",\"style_text\":\"text-dark\",\"align_title\":\"title-align-left\",\"remove_margin\":\"off\",\"remove_margin_post\":\"off\",\"background_white\":\"off\",\"hidden_category\":\"show\",\"block_color\":\"blue\",\"animate_delay\":\"0\"},\"editing\":false,\"element_name\":\"gva_view\"},{\"settings\":{\"title\":\"FB Likebox\",\"block_drupal\":\"gavias_sancy_fblikebox\",\"hidden_title\":\"on\",\"align_title\":\"title-align-left\",\"remove_margin\":\"off\",\"style_text\":\"text-dark\",\"title_admin\":\"FB Likebox\",\"block_color\":\"navy\",\"animate_delay\":\"0\"},\"editing\":false,\"element_name\":\"gva_drupal_block\"}],\"editing\":false,\"element_name\":\"gva_column\"}],\"editing\":false,\"element_name\":\"gva_row\"},{\"settings\":{\"element\":\"gva_row\",\"bg_particles\":\"off\",\"bg_position\":\"center top\",\"bg_repeat\":\"no-repeat\",\"bg_attachment\":\"scroll\",\"bg_size\":\"cover\",\"style_space\":\"remove_padding_top\",\"layout\":\"container\",\"margin_bottom\":\"30\"},\"columns\":[{\"settings\":{\"element\":\"gva_column\",\"bg_color\":\"#f5f5f5\",\"bg_position\":\"center top\",\"bg_repeat\":\"no-repeat\",\"bg_attachment\":\"scroll\",\"bg_size\":\"cover\",\"padding_top\":\"30\",\"padding_right\":\"30\",\"padding_bottom\":\"30\",\"padding_left\":\"30\"},\"col_lg\":12,\"elements\":[{\"settings\":{\"title_admin\":\"Video || Video Carousel\",\"view\":\"video-----video_carousel\",\"show_title\":\"hidden\",\"style_text\":\"text-light\",\"align_title\":\"title-align-left\",\"remove_margin\":\"on\",\"remove_margin_post\":\"off\",\"background_white\":\"off\",\"hidden_category\":\"show\",\"animate_delay\":\"0\"},\"editing\":false,\"element_name\":\"gva_view\"}],\"editing\":false,\"element_name\":\"gva_column\"}],\"editing\":false,\"element_name\":\"gva_row\"},{\"settings\":{\"element\":\"gva_row\",\"bg_particles\":\"off\",\"bg_position\":\"center top\",\"bg_repeat\":\"no-repeat\",\"bg_attachment\":\"scroll\",\"bg_size\":\"cover\",\"style_space\":\"remove_padding_top\",\"layout\":\"container\",\"class\":\"col-md-pull-4\"},\"columns\":[{\"settings\":{\"element\":\"gva_column\",\"bg_position\":\"center top\",\"bg_repeat\":\"no-repeat\",\"bg_attachment\":\"scroll\",\"bg_size\":\"cover\",\"class_available\":\"main_content sright\"},\"col_lg\":8,\"elements\":[{\"settings\":{\"title_admin\":\"Article Blocks || Hot Grid 2Cols\",\"view\":\"article_blocks-----block_12\",\"show_title\":\"title_view\",\"hidden_category\":\"show\",\"style_text\":\"text-dark\",\"align_title\":\"title-align-left\",\"remove_margin\":\"off\",\"animate_delay\":\"0\",\"remove_margin_post\":\"off\",\"block_color\":\"red\"},\"editing\":false,\"element_name\":\"gva_view\"},{\"settings\":{\"title_admin\":\"Article Blocks || List - Recent\",\"view\":\"article_blocks-----block_15\",\"show_title\":\"title_view\",\"style_text\":\"text-dark\",\"align_title\":\"title-align-left\",\"remove_margin\":\"off\",\"remove_margin_post\":\"off\",\"background_white\":\"off\",\"hidden_category\":\"show\",\"animate_delay\":\"0\",\"block_color\":\"navy\"},\"editing\":false,\"element_name\":\"gva_view\"}],\"editing\":false,\"element_name\":\"gva_column\"},{\"settings\":{\"element\":\"gva_column\",\"bg_position\":\"center top\",\"bg_repeat\":\"no-repeat\",\"bg_attachment\":\"scroll\",\"bg_size\":\"cover\",\"col_sm\":\"12\",\"class_available\":\"sidebar sright\"},\"col_lg\":4,\"elements\":[{\"settings\":{\"title_admin\":\"Article Blocks || Most popular\",\"view\":\"article_blocks-----block_5\",\"show_title\":\"title_view\",\"style_text\":\"text-dark\",\"align_title\":\"title-align-left\",\"remove_margin\":\"off\",\"animate_delay\":\"0\",\"remove_margin_post\":\"on\",\"background_white\":\"off\",\"block_color\":\"green\",\"hidden_category\":\"show\"},\"editing\":false,\"element_name\":\"gva_view\"},{\"settings\":{\"image\":\"/sites/default/files/gbb-uploads/banner.png\",\"align\":\"center\",\"target\":\"off\"},\"editing\":false,\"element_name\":\"gva_image\"}],\"editing\":false,\"element_name\":\"gva_column\"}],\"editing\":false,\"element_name\":\"gva_row\"}]', NULL, NULL, NULL),
(4, 'Home 4', '', 1, NULL, '[{\"settings\":{\"element\":\"gva_row\",\"bg_particles\":\"off\",\"bg_position\":\"center top\",\"bg_repeat\":\"no-repeat\",\"bg_attachment\":\"scroll\",\"bg_size\":\"cover\",\"style_space\":\"remove_padding_bottom\",\"layout\":\"container\"},\"columns\":[{\"settings\":{\"element\":\"gva_column\",\"bg_position\":\"center top\",\"bg_repeat\":\"no-repeat\",\"bg_attachment\":\"scroll\",\"bg_size\":\"cover\",\"el_class\":\"col-md-push-3\",\"col_sm\":\"12\",\"class_available\":\"main_content sleft sright\"},\"col_lg\":6,\"elements\":[{\"settings\":{\"title_admin\":\"Slideshows || Slider single small\",\"view\":\"slideshows-----slider_1\",\"show_title\":\"hidden\",\"style_text\":\"text-dark\",\"align_title\":\"title-align-left\",\"remove_margin\":\"off\",\"remove_margin_post\":\"off\",\"background_white\":\"off\"},\"editing\":false,\"element_name\":\"gva_view\"},{\"settings\":{\"title\":\"Last News\",\"style\":\"style-3\",\"title_1\":\"Sport\",\"view_1\":\"article_category_blocks-----block_12\",\"title_2\":\"Life Style\",\"view_2\":\"article_category_blocks-----block_14\",\"title_3\":\"Business\",\"view_3\":\"article_category_blocks-----block_15\",\"block_color\":\"black\",\"hidden_category\":\"show\"},\"editing\":false,\"element_name\":\"gva_view_tabs_ajax\"},{\"settings\":{},\"editing\":false,\"element_name\":\"gva_row\",\"row\":{\"settings\":{\"element\":\"gva_row\",\"bg_particles\":\"off\",\"bg_position\":\"center top\",\"bg_repeat\":\"no-repeat\",\"bg_attachment\":\"scroll\",\"bg_size\":\"cover\",\"style_space\":\"remove_padding\",\"layout\":\"container\"},\"columns\":[{\"settings\":{\"element\":\"gva_column\",\"bg_position\":\"center top\",\"bg_repeat\":\"no-repeat\",\"bg_attachment\":\"scroll\",\"bg_size\":\"cover\",\"col_sm\":\"6\"},\"col_lg\":6,\"elements\":[{\"settings\":{\"title_admin\":\"Article Category Blocks || Layout 2.2-Business\",\"view\":\"article_category_blocks-----block_6\",\"show_title\":\"title_view\",\"style_text\":\"text-dark\",\"align_title\":\"title-align-left\",\"remove_margin\":\"off\",\"remove_margin_post\":\"off\",\"background_white\":\"off\",\"hidden_category\":\"show\",\"animate_delay\":\"0\",\"block_color\":\"green\"},\"editing\":false,\"element_name\":\"gva_view\"}],\"editing\":false,\"element_name\":\"gva_column\",\"column\":12},{\"settings\":{\"element\":\"gva_column\",\"bg_position\":\"center top\",\"bg_repeat\":\"no-repeat\",\"bg_attachment\":\"scroll\",\"bg_size\":\"cover\",\"col_sm\":\"6\"},\"col_lg\":6,\"elements\":[{\"settings\":{\"title_admin\":\"Article Category Blocks || Layout 2.2-Life Style\",\"view\":\"article_category_blocks-----block_11\",\"show_title\":\"title_view\",\"style_text\":\"text-dark\",\"align_title\":\"title-align-left\",\"remove_margin\":\"off\",\"remove_margin_post\":\"off\",\"background_white\":\"off\",\"hidden_category\":\"show\",\"animate_delay\":\"0\",\"block_color\":\"orange\"},\"editing\":false,\"element_name\":\"gva_view\"}],\"editing\":false,\"element_name\":\"gva_column\"}],\"editing\":false,\"element_name\":\"gva_row\"},\"create_edit_form\":true},{\"settings\":{\"title_admin\":\"Article Category Blocks || Layout 4-Music\",\"view\":\"article_category_blocks-----block_17\",\"show_title\":\"title_view\",\"style_text\":\"text-dark\",\"align_title\":\"title-align-left\",\"remove_margin\":\"off\",\"remove_margin_post\":\"on\",\"background_white\":\"off\",\"hidden_category\":\"show\",\"block_color\":\"purple\",\"animate_delay\":\"0\"},\"editing\":false,\"element_name\":\"gva_view\"},{\"settings\":{\"title_admin\":\"Article Blocks || List - Recent 2\",\"view\":\"article_blocks-----block_13\",\"show_title\":\"title_view\",\"style_text\":\"text-dark\",\"align_title\":\"title-align-left\",\"remove_margin\":\"off\",\"remove_margin_post\":\"off\",\"background_white\":\"off\",\"hidden_category\":\"show\",\"block_color\":\"navy\",\"animate_delay\":\"0\"},\"editing\":false,\"element_name\":\"gva_view\"}],\"editing\":false,\"element_name\":\"gva_column\"},{\"settings\":{\"element\":\"gva_column\",\"bg_position\":\"center top\",\"bg_repeat\":\"no-repeat\",\"bg_attachment\":\"scroll\",\"bg_size\":\"cover\",\"el_class\":\"sidebar col-md-pull-6\",\"col_sm\":\"6\",\"class_available\":\"sidebar sleft\"},\"col_lg\":3,\"elements\":[{\"settings\":{\"title_admin\":\"Article Blocks || Most popular\",\"view\":\"article_blocks-----block_5\",\"show_title\":\"title_view\",\"style_text\":\"text-dark\",\"align_title\":\"title-align-left\",\"remove_margin\":\"off\",\"animate_delay\":\"0\",\"remove_margin_post\":\"on\",\"background_white\":\"off\",\"block_color\":\"black\",\"hidden_category\":\"show\"},\"editing\":false,\"element_name\":\"gva_view\"},{\"settings\":{\"title_admin\":\"Article Blocks || Stick List - Stories\",\"view\":\"article_blocks-----block_3\",\"show_title\":\"title_view\",\"style_text\":\"text-dark\",\"align_title\":\"title-align-left\",\"remove_margin\":\"off\",\"remove_margin_post\":\"off\",\"background_white\":\"off\",\"hidden_category\":\"show\",\"block_color\":\"red\",\"animate_delay\":\"0\"},\"editing\":false,\"element_name\":\"gva_view\"},{\"settings\":{\"title_admin\":\"Gallery || Gallery Carousel\",\"view\":\"gallery-----block_gallery\",\"show_title\":\"hidden\",\"style_text\":\"text-dark\",\"align_title\":\"title-align-left\",\"remove_margin\":\"off\",\"hidden_category\":\"show\",\"remove_margin_post\":\"off\",\"animate_delay\":\"0\"},\"editing\":false,\"element_name\":\"gva_view\"}],\"editing\":false,\"element_name\":\"gva_column\"},{\"settings\":{\"element\":\"gva_column\",\"bg_position\":\"center top\",\"bg_repeat\":\"no-repeat\",\"bg_attachment\":\"scroll\",\"bg_size\":\"cover\",\"el_class\":\"sidebar\",\"col_sm\":\"6\",\"class_available\":\"sidebar sright\"},\"col_lg\":3,\"elements\":[{\"settings\":{\"title\":\"Instagram\",\"username\":\"foodnetwork\",\"number\":\"6\",\"columns\":\"3\",\"columns_md\":\"3\",\"columns_sm\":\"2\",\"link\":\"1\",\"style\":\"style-2\"},\"editing\":false,\"element_name\":\"gva_instagram\"},{\"settings\":{\"title\":\"Ajax tabs\",\"style\":\"style-1\",\"block_color\":\"red\",\"title_1\":\"Featured\",\"view_1\":\"article_blocks-----block_9\",\"title_2\":\"Recent\",\"view_2\":\"article_blocks-----block_11\"},\"editing\":false,\"element_name\":\"gva_view_tabs_ajax\"},{\"settings\":{\"image\":\"/sites/default/files/gbb-uploads/banner.png\",\"align\":\"center\",\"target\":\"off\"},\"editing\":false,\"element_name\":\"gva_image\"},{\"settings\":{\"title_admin\":\"Article Blocks || Stick List - Trending\",\"view\":\"article_blocks-----block_2\",\"show_title\":\"title_view\",\"style_text\":\"text-dark\",\"align_title\":\"title-align-left\",\"remove_margin\":\"off\",\"remove_margin_post\":\"off\",\"background_white\":\"off\",\"hidden_category\":\"show\",\"block_color\":\"blue\",\"animate_delay\":\"0\"},\"editing\":false,\"element_name\":\"gva_view\"},{\"settings\":{\"title\":\"FB Likebox\",\"block_drupal\":\"gavias_sancy_fblikebox\",\"hidden_title\":\"on\",\"align_title\":\"title-align-left\",\"remove_margin\":\"off\",\"style_text\":\"text-dark\",\"title_admin\":\"FB Likebox\",\"block_color\":\"navy\",\"animate_delay\":\"0\"},\"editing\":false,\"element_name\":\"gva_drupal_block\"}],\"editing\":false,\"element_name\":\"gva_column\"}],\"editing\":false,\"element_name\":\"gva_row\"},{\"settings\":{\"element\":\"gva_row\",\"bg_particles\":\"off\",\"bg_position\":\"center top\",\"bg_repeat\":\"no-repeat\",\"bg_attachment\":\"scroll\",\"bg_size\":\"cover\",\"style_space\":\"remove_padding_top\",\"layout\":\"container\"},\"columns\":[{\"settings\":{\"element\":\"gva_column\",\"bg_color\":\"#222\",\"bg_position\":\"center top\",\"bg_repeat\":\"no-repeat\",\"bg_attachment\":\"scroll\",\"bg_size\":\"cover\",\"padding_top\":\"18\",\"padding_right\":\"18\",\"padding_bottom\":\"18\",\"padding_left\":\"15\"},\"col_lg\":12,\"elements\":[{\"settings\":{\"title_admin\":\"Video || Video Carousel\",\"view\":\"video-----video_carousel\",\"show_title\":\"title_view\",\"style_text\":\"text-light\",\"align_title\":\"title-align-left\",\"remove_margin\":\"on\",\"remove_margin_post\":\"off\",\"background_white\":\"off\",\"block_color\":\"red\",\"hidden_category\":\"show\",\"animate_delay\":\"0\"},\"editing\":false,\"element_name\":\"gva_view\"}],\"editing\":false,\"element_name\":\"gva_column\"}],\"editing\":false,\"element_name\":\"gva_row\"}]', NULL, NULL, NULL),
(5, 'Home 5', '', 1, NULL, '[{\"settings\":{\"element\":\"gva_row\",\"bg_particles\":\"off\",\"bg_position\":\"center top\",\"bg_repeat\":\"no-repeat\",\"bg_attachment\":\"scroll\",\"bg_size\":\"cover\",\"style_space\":\"remove_padding_bottom\",\"layout\":\"container\"},\"columns\":[{\"settings\":{\"element\":\"gva_column\",\"bg_position\":\"center top\",\"bg_repeat\":\"no-repeat\",\"bg_attachment\":\"scroll\",\"bg_size\":\"cover\",\"col_sm\":\"12\",\"class_available\":\"main_content sright\"},\"col_lg\":8,\"elements\":[{\"settings\":{\"view\":\"slideshows-----slider_1\",\"show_title\":\"hidden\",\"style_text\":\"text-dark\",\"align_title\":\"title-align-left\",\"remove_margin\":\"off\",\"title_admin\":\"Slideshows || Slider single small\",\"animate_delay\":\"0\",\"remove_margin_post\":\"off\",\"background_white\":\"off\"},\"editing\":false,\"element_name\":\"gva_view\"},{\"settings\":{\"title_admin\":\"Article Blocks || Blogs-Large\",\"view\":\"article_blocks-----block_6\",\"show_title\":\"hidden\",\"style_text\":\"text-dark\",\"align_title\":\"title-align-left\",\"remove_margin\":\"off\",\"remove_margin_post\":\"off\",\"background_white\":\"off\"},\"editing\":false,\"element_name\":\"gva_view\"}],\"editing\":false,\"element_name\":\"gva_column\"},{\"settings\":{\"element\":\"gva_column\",\"bg_position\":\"center top\",\"bg_repeat\":\"no-repeat\",\"bg_attachment\":\"scroll\",\"bg_size\":\"cover\",\"el_class\":\"sidebar\",\"col_sm\":\"12\",\"class_available\":\"sidebar sright\"},\"col_lg\":4,\"elements\":[{\"settings\":{\"title_admin\":\"Social Networks\",\"block_drupal\":\"gavias_sancy_socialsidebar\",\"hidden_title\":\"on\",\"align_title\":\"title-align-left\",\"remove_margin\":\"off\",\"style_text\":\"text-dark\",\"animate_delay\":\"0\"},\"editing\":false,\"element_name\":\"gva_drupal_block\"},{\"settings\":{\"title\":\"Instagram\",\"username\":\"foodnetwork\",\"number\":\"6\",\"columns\":\"3\",\"columns_md\":\"3\",\"columns_sm\":\"2\",\"link\":\"1\",\"style\":\"style-2\"},\"editing\":false,\"element_name\":\"gva_instagram\"},{\"settings\":{\"title\":\"Ajax tabs\",\"style\":\"style-1\",\"block_color\":\"red\",\"title_1\":\"Featured\",\"view_1\":\"article_blocks-----block_9\",\"title_2\":\"Recent\",\"view_2\":\"article_blocks-----block_11\"},\"editing\":false,\"element_name\":\"gva_view_tabs_ajax\"},{\"settings\":{\"image\":\"/sites/default/files/gbb-uploads/banner.png\",\"align\":\"center\",\"target\":\"off\"},\"editing\":false,\"element_name\":\"gva_image\"},{\"settings\":{\"title\":\"FB Likebox\",\"block_drupal\":\"gavias_sancy_fblikebox\",\"hidden_title\":\"on\",\"align_title\":\"title-align-left\",\"remove_margin\":\"off\",\"style_text\":\"text-dark\",\"title_admin\":\"FB Likebox\",\"animate_delay\":\"0\"},\"editing\":false,\"element_name\":\"gva_drupal_block\"}],\"editing\":false,\"element_name\":\"gva_column\"}],\"editing\":false,\"element_name\":\"gva_row\"},{\"settings\":{\"element\":\"gva_row\",\"bg_particles\":\"off\",\"bg_position\":\"center top\",\"bg_repeat\":\"no-repeat\",\"bg_attachment\":\"scroll\",\"bg_size\":\"cover\",\"style_space\":\"remove_padding_top\",\"layout\":\"container\"},\"columns\":[{\"settings\":{\"element\":\"gva_column\",\"bg_position\":\"center top\",\"bg_repeat\":\"no-repeat\",\"bg_attachment\":\"scroll\",\"bg_size\":\"cover\"},\"col_lg\":12,\"elements\":[{\"settings\":{\"title_admin\":\"Video || Video Grid 3-2\",\"view\":\"video-----video_grid\",\"show_title\":\"hidden\",\"style_text\":\"text-dark\",\"align_title\":\"title-align-left\",\"remove_margin\":\"on\",\"remove_margin_post\":\"off\",\"background_white\":\"off\",\"hidden_category\":\"show\",\"block_color\":\"green\",\"animate_delay\":\"0\"},\"editing\":false,\"element_name\":\"gva_view\"}],\"editing\":false,\"element_name\":\"gva_column\"}],\"editing\":false,\"element_name\":\"gva_row\"}]', NULL, NULL, NULL),
(6, 'Block Menu Magazine', '', 0, NULL, '[{\"settings\":{\"bg_particles\":\"off\",\"bg_position\":\"center top\",\"bg_repeat\":\"no-repeat\",\"bg_attachment\":\"scroll\",\"bg_size\":\"cover\",\"style_space\":\"remove_padding\",\"layout\":\"container\"},\"columns\":[{\"settings\":{\"element\":\"gva_column\"},\"col_lg\":12,\"elements\":[{\"settings\":{\"title\":\"Recent News\",\"style\":\"style-3\",\"hidden_category\":\"show\",\"title_1\":\"Business\",\"view_1\":\"posts_menu-----block_1\",\"title_2\":\"Music\",\"view_2\":\"posts_menu-----block_2\",\"title_3\":\"Life Style\",\"view_3\":\"posts_menu-----block_3\",\"block_color\":\"red\"},\"editing\":false,\"element_name\":\"gva_view_tabs_ajax\"}],\"editing\":false,\"element_name\":\"gva_column\"}],\"editing\":false,\"element_name\":\"gva_row\"}]', NULL, NULL, NULL),
(7, 'Block Menu Magazine #2', '', 1, NULL, '[{\"settings\":{\"bg_particles\":\"off\",\"bg_position\":\"center top\",\"bg_repeat\":\"no-repeat\",\"bg_attachment\":\"scroll\",\"bg_size\":\"cover\",\"style_space\":\"remove_padding\",\"layout\":\"container\"},\"columns\":[{\"settings\":{\"element\":\"gva_column\"},\"col_lg\":2,\"elements\":[{\"settings\":{\"title_admin\":\"Menu Categories\",\"block_drupal\":\"gavias_sancy_menucategories\",\"hidden_title\":\"on\",\"align_title\":\"title-align-left\",\"remove_margin\":\"on\",\"style_text\":\"text-dark\",\"animate_delay\":\"0\"},\"editing\":false,\"element_name\":\"gva_drupal_block\"}],\"editing\":false,\"element_name\":\"gva_column\"},{\"settings\":{\"element\":\"gva_column\"},\"col_lg\":5,\"elements\":[{\"settings\":{\"title_admin\":\"Posts menu || List - Recommended\",\"view\":\"posts_menu-----block_4\",\"show_title\":\"title_view\",\"hidden_category\":\"show\",\"style_text\":\"text-dark\",\"align_title\":\"title-align-left\",\"remove_margin\":\"off\",\"remove_margin_post\":\"off\",\"animate_delay\":\"0\",\"block_color\":\"purple\"},\"editing\":false,\"element_name\":\"gva_view\"}],\"editing\":false,\"element_name\":\"gva_column\"},{\"settings\":{\"element\":\"gva_column\"},\"col_lg\":5,\"elements\":[{\"settings\":{\"show_title\":\"title_view\",\"hidden_category\":\"show\",\"style_text\":\"text-dark\",\"align_title\":\"title-align-left\",\"remove_margin\":\"off\",\"remove_margin_post\":\"off\",\"animate_delay\":\"0\",\"title_admin\":\"Posts menu || Layout 2 - Random\",\"view\":\"posts_menu-----block_5\",\"block_color\":\"navy\"},\"editing\":false,\"element_name\":\"gva_view\"}],\"editing\":false,\"element_name\":\"gva_column\"}],\"editing\":false,\"element_name\":\"gva_row\"}]', NULL, NULL, NULL);
INSERT INTO `gavias_content_builder` (`id`, `title`, `machine_name`, `use_field`, `type`, `params`, `params_1`, `params_2`, `params_3`) VALUES
(8, 'About', '', 1, NULL, '[{\"settings\":{\"bg_position\":\"center top\",\"bg_repeat\":\"no-repeat\",\"bg_attachment\":\"scroll\",\"bg_size\":\"cover\",\"style_space\":\"default\",\"layout\":\"container\",\"element\":\"gva_row\",\"bg_particles\":\"off\",\"padding_top\":\"30\",\"padding_bottom\":\"30\",\"bg_color\":\"#fff\"},\"columns\":[{\"settings\":{\"element\":\"gva_column\"},\"col_lg\":4,\"elements\":[{\"settings\":{\"title\":\"About Us\",\"desc\":\"<p>Duis sed odio sit amet nibh vulputate cursus a sit amet mauris cumsan ipsum velit nam nec tellus.</p>\",\"align\":\"align-left\",\"style\":\"style-1\",\"style_text\":\"text-dark\",\"animate\":\"fade-up\",\"animate_delay\":\"0\"},\"editing\":false,\"element_name\":\"gva_heading\"},{\"settings\":{\"content\":\"<h4>We Are Creative Agency</h4>\\r\\n<p>Morbi msan ipsum velit. Nam nec tellus a odio tinunt auctor a ornareio. Sed non mauris vitae.</p>\\r\\n<h4>We Work With Passion</h4>\\r\\n<p>Morbi msan ipsum velit. Nam nec tellus a odio tinunt auctor a ornareio. Sed non mauris vitae.</p>\",\"animate\":\"fade-up\",\"animate_delay\":\"400\"},\"editing\":false,\"element_name\":\"gva_text\"}],\"editing\":false,\"element_name\":\"gva_column\"},{\"settings\":{\"element\":\"gva_column\"},\"col_lg\":8,\"elements\":[{\"settings\":{\"title\":\"We Provide The Exceptional Service We\'d Want To Experience Ourselves\",\"align\":\"align-left\",\"style\":\"style-1\",\"style_text\":\"text-dark\",\"animate\":\"fade-up\",\"animate_delay\":\"0\"},\"editing\":false,\"element_name\":\"gva_heading\"},{\"settings\":{},\"editing\":false,\"element_name\":\"gva_row\",\"row\":{\"settings\":{\"element\":\"gva_row\"},\"columns\":[{\"settings\":{\"element\":\"gva_column\"},\"col_lg\":6,\"elements\":[{\"settings\":{\"title\":\"Easy customize\",\"content\":\"<p>Lorem ipsum dolor sit amet, consectetur adipisicing elit, sed do eiusmod tempor incididunt ut labore et dolore magna aliqua.</p>\",\"icon\":\"gv-icon-590\",\"icon_position\":\"top-left-title\",\"icon_color\":\"text-theme\",\"icon_width\":\"fa-2x\",\"skin_text\":\"text-dark\",\"target\":\"off\",\"animate\":\"fade-up\",\"animate_delay\":\"300\"},\"editing\":false,\"element_name\":\"gva_icon_box\"}],\"editing\":false,\"element_name\":\"gva_column\",\"column\":12},{\"settings\":{\"element\":\"gva_column\"},\"col_lg\":6,\"elements\":[{\"settings\":{\"title\":\"Responsive ready\",\"content\":\"<p>Lorem ipsum dolor sit amet, consectetur adipisicing elit, sed do eiusmod tempor incididunt ut labore et dolore magna aliqua.</p>\",\"icon\":\"gv-icon-654\",\"icon_position\":\"top-left-title\",\"icon_color\":\"text-theme\",\"icon_width\":\"fa-2x\",\"skin_text\":\"text-dark\",\"target\":\"off\",\"animate\":\"fade-up\",\"animate_delay\":\"600\"},\"editing\":false,\"element_name\":\"gva_icon_box\"}],\"editing\":false,\"element_name\":\"gva_column\"}],\"editing\":false,\"element_name\":\"gva_row\"},\"create_edit_form\":true},{\"settings\":{},\"editing\":false,\"element_name\":\"gva_row\",\"row\":{\"settings\":{\"element\":\"gva_row\"},\"columns\":[{\"settings\":{\"element\":\"gva_column\"},\"col_lg\":6,\"elements\":[{\"settings\":{\"title\":\"Unlimited colors\",\"content\":\"<p>Lorem ipsum dolor sit amet, consectetur adipisicing elit, sed do eiusmod tempor incididunt ut labore et dolore magna aliqua.</p>\",\"icon\":\"gv-icon-466\",\"icon_position\":\"top-left-title\",\"icon_color\":\"text-theme\",\"icon_width\":\"fa-2x\",\"skin_text\":\"text-dark\",\"target\":\"off\",\"animate\":\"fade-up\",\"animate_delay\":\"900\"},\"editing\":false,\"element_name\":\"gva_icon_box\"}],\"editing\":false,\"element_name\":\"gva_column\",\"column\":12},{\"settings\":{\"element\":\"gva_column\"},\"col_lg\":6,\"elements\":[{\"settings\":{\"title\":\"Drag & Drop\",\"content\":\"<p>Lorem ipsum dolor sit amet, consectetur adipisicing elit, sed do eiusmod tempor incididunt ut labore et dolore magna aliqua.</p>\",\"icon\":\"gv-icon-894\",\"icon_position\":\"top-left-title\",\"icon_color\":\"text-theme\",\"icon_width\":\"fa-2x\",\"skin_text\":\"text-dark\",\"target\":\"off\",\"animate\":\"fade-up\",\"animate_delay\":\"1200\"},\"editing\":false,\"element_name\":\"gva_icon_box\"}],\"editing\":false,\"element_name\":\"gva_column\"}],\"editing\":false,\"element_name\":\"gva_row\"},\"create_edit_form\":true}],\"editing\":false,\"element_name\":\"gva_column\"}],\"editing\":false,\"element_name\":\"gva_row\"},{\"settings\":{\"element\":\"gva_row\",\"bg_position\":\"center top\",\"bg_repeat\":\"no-repeat\",\"bg_attachment\":\"scroll\",\"bg_size\":\"cover\",\"style_space\":\"remove_margin remove_padding remove_padding_col\",\"layout\":\"container-fw\",\"bg_particles\":\"off\",\"equal_height\":\"gsc-equal-height\",\"bg_color\":\"#f5f5f5\"},\"columns\":[{\"settings\":{\"element\":\"gva_column\",\"bg_image\":\"/sites/default/files/gbb-uploads/bg6-r6fomx.jpg\",\"bg_position\":\"center top\",\"bg_repeat\":\"no-repeat\",\"bg_attachment\":\"fixed\",\"bg_size\":\"cover\"},\"col_lg\":6,\"elements\":[],\"editing\":false,\"element_name\":\"gva_column\"},{\"settings\":{\"element\":\"gva_column\",\"bg_position\":\"center top\",\"bg_repeat\":\"no-repeat\",\"bg_attachment\":\"scroll\",\"bg_size\":\"cover\",\"style\":\"column-style-1\"},\"col_lg\":6,\"elements\":[{\"settings\":{\"title\":\"Why Choose Us ?\",\"align\":\"align-left\",\"style\":\"style-1\",\"style_text\":\"text-dark\",\"animate\":\"fade-up\",\"animate_delay\":\"0\"},\"editing\":false,\"element_name\":\"gva_heading\"},{\"settings\":{},\"editing\":false,\"element_name\":\"gva_row\",\"row\":{\"settings\":{\"element\":\"gva_row\"},\"columns\":[{\"settings\":{\"element\":\"gva_column\"},\"col_lg\":6,\"elements\":[{\"settings\":{\"title\":\"Ecommerce Solutions\",\"content\":\"<p>Lorem ipsum dolor amet, consectetur adipisicing, sed eiusmod tempor incididunt labore dolore magna aliqua.</p>\",\"icon\":\"gv-icon-942\",\"icon_position\":\"top-left\",\"icon_color\":\"text-theme\",\"icon_width\":\"fa-2x\",\"skin_text\":\"text-dark\",\"target\":\"off\",\"animate\":\"fade-up\",\"animate_delay\":\"300\"},\"editing\":false,\"element_name\":\"gva_icon_box\"}],\"editing\":false,\"element_name\":\"gva_column\",\"column\":12},{\"settings\":{\"element\":\"gva_column\"},\"col_lg\":6,\"elements\":[{\"settings\":{\"title\":\"Google Analytics\",\"content\":\"<p>Lorem ipsum dolor amet, consectetur adipisicing, sed eiusmod tempor incididunt labore dolore magna aliqua.</p>\",\"icon\":\"gv-icon-514\",\"icon_position\":\"top-left\",\"icon_color\":\"text-theme\",\"icon_width\":\"fa-2x\",\"skin_text\":\"text-dark\",\"target\":\"off\",\"animate\":\"fade-up\",\"animate_delay\":\"600\"},\"editing\":false,\"element_name\":\"gva_icon_box\"}],\"editing\":false,\"element_name\":\"gva_column\"}],\"editing\":false,\"element_name\":\"gva_row\"},\"create_edit_form\":true},{\"settings\":{},\"editing\":false,\"element_name\":\"gva_row\",\"row\":{\"settings\":{\"element\":\"gva_row\"},\"columns\":[{\"settings\":{\"element\":\"gva_column\"},\"col_lg\":6,\"elements\":[{\"settings\":{\"title\":\"Web Design\",\"content\":\"<p>Lorem ipsum dolor amet, consectetur adipisicing, sed eiusmod tempor incididunt labore dolore magna aliqua.</p>\",\"icon\":\"gv-icon-842\",\"icon_position\":\"top-left\",\"icon_color\":\"text-theme\",\"icon_width\":\"fa-2x\",\"skin_text\":\"text-dark\",\"target\":\"off\",\"animate\":\"fade-up\",\"animate_delay\":\"900\"},\"editing\":false,\"element_name\":\"gva_icon_box\"}],\"editing\":false,\"element_name\":\"gva_column\",\"column\":12},{\"settings\":{\"element\":\"gva_column\"},\"col_lg\":6,\"elements\":[{\"settings\":{\"title\":\"Web Development\",\"content\":\"<p>Lorem ipsum dolor amet, consectetur adipisicing, sed eiusmod tempor incididunt labore dolore magna aliqua.</p>\",\"icon\":\"gv-icon-808\",\"icon_position\":\"top-left\",\"icon_color\":\"text-theme\",\"icon_width\":\"fa-2x\",\"skin_text\":\"text-dark\",\"target\":\"off\",\"animate\":\"fade-up\",\"animate_delay\":\"1200\"},\"editing\":false,\"element_name\":\"gva_icon_box\"}],\"editing\":false,\"element_name\":\"gva_column\"}],\"editing\":false,\"element_name\":\"gva_row\"},\"create_edit_form\":true}],\"editing\":false,\"element_name\":\"gva_column\"}],\"editing\":false,\"element_name\":\"gva_row\"},{\"settings\":{\"element\":\"gva_row\",\"bg_position\":\"center top\",\"bg_repeat\":\"no-repeat\",\"bg_attachment\":\"scroll\",\"bg_size\":\"cover\",\"style_space\":\"default\",\"layout\":\"container\",\"bg_particles\":\"off\",\"padding_top\":\"30\",\"padding_bottom\":\"30\",\"bg_color\":\"#fff\"},\"columns\":[{\"settings\":{\"element\":\"gva_column\"},\"col_lg\":12,\"elements\":[{\"settings\":{\"title\":\"Happy <strong>Customers</strong>\",\"sub_title\":\"Testimonial\",\"align\":\"align-center\",\"style\":\"style-1\",\"style_text\":\"text-dark\",\"desc\":\"<p>Trusted by some of the world&rsquo;s biggest brands.</p>\",\"animate\":\"fade-up\",\"animate_delay\":\"0\"},\"editing\":false,\"element_name\":\"gva_heading\"},{\"settings\":{\"view\":\"testimonial-----testimonial_v1\",\"show_title\":\"hidden\",\"style_text\":\"text-dark\",\"align_title\":\"title-align-left\",\"remove_margin\":\"off\",\"title_admin\":\"Testimonial || Carousel #1\",\"animate\":\"fade-up\",\"animate_delay\":\"800\",\"hidden_category\":\"show\",\"remove_margin_post\":\"off\"},\"editing\":false,\"element_name\":\"gva_view\"}],\"editing\":false,\"element_name\":\"gva_column\"}],\"editing\":false,\"element_name\":\"gva_row\"}]', NULL, NULL, NULL),
(9, 'Services', '', 1, NULL, '[{\"settings\":{\"element\":\"gva_row\",\"bg_position\":\"center top\",\"bg_repeat\":\"no-repeat\",\"bg_attachment\":\"scroll\",\"bg_size\":\"cover\",\"style_space\":\"remove_margin remove_padding remove_padding_col\",\"layout\":\"container-fw\",\"bg_particles\":\"off\",\"equal_height\":\"gsc-equal-height\",\"bg_color\":\"#f5f5f5\",\"row_name\":\"Progress\"},\"columns\":[{\"settings\":{\"element\":\"gva_column\",\"bg_image\":\"/sites/default/files/gbb-uploads/bg6-r6fomx.jpg\",\"bg_position\":\"center top\",\"bg_repeat\":\"no-repeat\",\"bg_attachment\":\"fixed\",\"bg_size\":\"cover\"},\"col_lg\":6,\"elements\":[],\"editing\":false,\"element_name\":\"gva_column\"},{\"settings\":{\"element\":\"gva_column\",\"bg_position\":\"center top\",\"bg_repeat\":\"no-repeat\",\"bg_attachment\":\"scroll\",\"bg_size\":\"cover\",\"style\":\"column-style-1\"},\"col_lg\":6,\"elements\":[{\"settings\":{\"title\":\"We Provide The Exceptional Service We\'d Want To Experience Ourselves\",\"sub_title\":\"About us\",\"align\":\"align-left\",\"style\":\"style-1\",\"style_text\":\"text-dark\"},\"editing\":false,\"element_name\":\"gva_heading\"},{\"settings\":{},\"editing\":false,\"element_name\":\"gva_row\",\"row\":{\"settings\":{\"element\":\"gva_row\"},\"columns\":[{\"settings\":{\"element\":\"gva_column\"},\"col_lg\":6,\"elements\":[{\"settings\":{\"title\":\"Diverse Approach\",\"content\":\"<p>Lorem ipsum dolor amet, consectetur adipisicing , eiusmod tempor incididunt&nbsp; labore magna aliqua.</p>\",\"icon\":\"gv-icon-1015\",\"icon_position\":\"top-left\",\"icon_color\":\"text-theme\",\"icon_width\":\"fa-2x\",\"skin_text\":\"text-dark\",\"target\":\"off\",\"animate_delay\":\"0\"},\"editing\":false,\"element_name\":\"gva_icon_box\"}],\"editing\":false,\"element_name\":\"gva_column\",\"column\":12},{\"settings\":{\"element\":\"gva_column\"},\"col_lg\":6,\"elements\":[{\"settings\":{\"title\":\"Expert Advice\",\"content\":\"<p>Lorem ipsum dolor amet, consectetur adipisicing , eiusmod tempor incididunt&nbsp; labore magna aliqua.</p>\",\"icon\":\"gv-icon-442\",\"icon_position\":\"top-left\",\"icon_color\":\"text-theme\",\"icon_width\":\"fa-2x\",\"skin_text\":\"text-dark\",\"target\":\"off\",\"animate_delay\":\"0\"},\"editing\":false,\"element_name\":\"gva_icon_box\"}],\"editing\":false,\"element_name\":\"gva_column\"}],\"editing\":false,\"element_name\":\"gva_row\"},\"create_edit_form\":true},{\"settings\":{},\"editing\":false,\"element_name\":\"gva_row\",\"row\":{\"settings\":{\"element\":\"gva_row\"},\"columns\":[{\"settings\":{\"element\":\"gva_column\"},\"col_lg\":6,\"elements\":[{\"settings\":{\"title\":\"Professional Team\",\"content\":\"<p>Lorem ipsum dolor amet, consectetur adipisicing , eiusmod tempor incididunt&nbsp; labore magna aliqua.</p>\",\"icon\":\"gv-icon-433\",\"icon_position\":\"top-left\",\"icon_color\":\"text-theme\",\"icon_width\":\"fa-2x\",\"skin_text\":\"text-dark\",\"target\":\"off\",\"animate_delay\":\"0\"},\"editing\":false,\"element_name\":\"gva_icon_box\"}],\"editing\":false,\"element_name\":\"gva_column\",\"column\":12},{\"settings\":{\"element\":\"gva_column\"},\"col_lg\":6,\"elements\":[{\"settings\":{\"title\":\"Result Based\",\"content\":\"<p>Lorem ipsum dolor amet, consectetur adipisicing , eiusmod tempor incididunt&nbsp; labore magna aliqua.</p>\",\"icon\":\"gv-icon-1011\",\"icon_position\":\"top-left\",\"icon_color\":\"text-theme\",\"icon_width\":\"fa-2x\",\"skin_text\":\"text-dark\",\"target\":\"off\",\"animate_delay\":\"0\"},\"editing\":false,\"element_name\":\"gva_icon_box\"}],\"editing\":false,\"element_name\":\"gva_column\"}],\"editing\":false,\"element_name\":\"gva_row\"},\"create_edit_form\":true}],\"editing\":false,\"element_name\":\"gva_column\"}],\"editing\":false,\"element_name\":\"gva_row\",\"row_name\":\"Progress\"},{\"settings\":{\"bg_position\":\"center top\",\"bg_repeat\":\"no-repeat\",\"bg_attachment\":\"scroll\",\"bg_size\":\"cover\",\"style_space\":\"default\",\"layout\":\"container\",\"element\":\"gva_row\",\"bg_particles\":\"off\",\"bg_color\":\"#fff\",\"padding_top\":\"30\",\"padding_bottom\":\"30\"},\"columns\":[{\"settings\":{\"element\":\"gva_column\"},\"col_lg\":12,\"elements\":[{\"settings\":{\"title\":\"Best Template with Tons of Features.\",\"align\":\"align-center\",\"style\":\"style-1\",\"style_text\":\"text-dark\",\"desc\":\"<p>Lorem ipsum dolor sit amet, consectetur adipisicing elit, sed do eiusmod tempor incididunt ut labore et dolore magna aliqua consectetur adipisicing elit.</p>\",\"icon\":\"gv-icon-894\",\"animate_delay\":\"0\"},\"editing\":false,\"element_name\":\"gva_heading\"},{\"settings\":{},\"editing\":false,\"element_name\":\"gva_row\",\"row\":{\"settings\":{\"element\":\"gva_row\"},\"columns\":[{\"settings\":{\"element\":\"gva_column\"},\"col_lg\":4,\"elements\":[{\"settings\":{\"title\":\"Responsive Layout\",\"content\":\"<p>Lorem ipsum dolor sit amet, consectetur adipisicing elit, sed do eiusmod tempor incididunt ut labore et dolore magna aliqua.</p>\",\"icon\":\"gv-icon-888\",\"icon_position\":\"top-center\",\"icon_color\":\"text-white\",\"icon_width\":\"fa-2x\",\"skin_text\":\"text-dark\",\"target\":\"off\",\"icon_background\":\"bg-theme\",\"icon_radius\":\"radius-2x\",\"icon_border\":\"border-1\",\"animate_delay\":\"0\"},\"editing\":false,\"element_name\":\"gva_icon_box\"}],\"editing\":false,\"element_name\":\"gva_column\",\"column\":12},{\"settings\":{\"element\":\"gva_column\"},\"col_lg\":4,\"elements\":[{\"settings\":{\"title\":\"Translation Ready\",\"content\":\"<p>Lorem ipsum dolor sit amet, consectetur adipisicing elit, sed do eiusmod tempor incididunt ut labore et dolore magna aliqua.</p>\",\"icon\":\"gv-icon-882\",\"icon_position\":\"top-center\",\"icon_color\":\"text-white\",\"icon_width\":\"fa-2x\",\"skin_text\":\"text-dark\",\"target\":\"off\",\"icon_background\":\"bg-theme\",\"icon_radius\":\"radius-2x\",\"icon_border\":\"border-1\",\"animate_delay\":\"0\"},\"editing\":false,\"element_name\":\"gva_icon_box\"}],\"editing\":false,\"element_name\":\"gva_column\"},{\"settings\":{\"element\":\"gva_column\"},\"col_lg\":4,\"elements\":[{\"settings\":{\"title\":\"Retina Ready\",\"content\":\"<p>Lorem ipsum dolor sit amet, consectetur adipisicing elit, sed do eiusmod tempor incididunt ut labore et dolore magna aliqua.</p>\",\"icon\":\"gv-icon-469\",\"icon_position\":\"top-center\",\"icon_color\":\"text-white\",\"icon_width\":\"fa-2x\",\"skin_text\":\"text-dark\",\"target\":\"off\",\"icon_background\":\"bg-theme\",\"icon_radius\":\"radius-2x\",\"icon_border\":\"border-1\",\"animate_delay\":\"0\"},\"editing\":false,\"element_name\":\"gva_icon_box\"}],\"editing\":false,\"element_name\":\"gva_column\"}],\"editing\":false,\"element_name\":\"gva_row\"},\"create_edit_form\":true},{\"settings\":{},\"editing\":false,\"element_name\":\"gva_row\",\"row\":{\"settings\":{\"element\":\"gva_row\"},\"columns\":[{\"settings\":{\"element\":\"gva_column\"},\"col_lg\":4,\"elements\":[{\"settings\":{\"title\":\"Fully Customizable\",\"content\":\"<p>Lorem ipsum dolor sit amet, consectetur adipisicing elit, sed do eiusmod tempor incididunt ut labore et dolore magna aliqua.</p>\",\"icon\":\"gv-icon-563\",\"icon_position\":\"top-center\",\"icon_color\":\"text-white\",\"icon_width\":\"fa-2x\",\"skin_text\":\"text-dark\",\"target\":\"off\",\"icon_background\":\"bg-theme\",\"icon_radius\":\"radius-2x\",\"icon_border\":\"border-1\",\"animate_delay\":\"0\"},\"editing\":false,\"element_name\":\"gva_icon_box\"}],\"editing\":false,\"element_name\":\"gva_column\",\"column\":12},{\"settings\":{\"element\":\"gva_column\"},\"col_lg\":4,\"elements\":[{\"settings\":{\"title\":\"CSS3 Animations\",\"content\":\"<p>Lorem ipsum dolor sit amet, consectetur adipisicing elit, sed do eiusmod tempor incididunt ut labore et dolore magna aliqua.</p>\",\"icon\":\"gv-icon-808\",\"icon_position\":\"top-center\",\"icon_color\":\"text-white\",\"icon_width\":\"fa-2x\",\"skin_text\":\"text-dark\",\"target\":\"off\",\"icon_background\":\"bg-theme\",\"icon_radius\":\"radius-2x\",\"icon_border\":\"border-1\",\"animate_delay\":\"0\"},\"editing\":false,\"element_name\":\"gva_icon_box\"}],\"editing\":false,\"element_name\":\"gva_column\"},{\"settings\":{\"element\":\"gva_column\"},\"col_lg\":4,\"elements\":[{\"settings\":{\"title\":\"Premium Plugins\",\"content\":\"<p>Lorem ipsum dolor sit amet, consectetur adipisicing elit, sed do eiusmod tempor incididunt ut labore et dolore magna aliqua.</p>\",\"icon\":\"gv-icon-692\",\"icon_position\":\"top-center\",\"icon_color\":\"text-white\",\"icon_width\":\"fa-2x\",\"skin_text\":\"text-dark\",\"target\":\"off\",\"icon_background\":\"bg-theme\",\"icon_radius\":\"radius-2x\",\"icon_border\":\"border-1\",\"animate_delay\":\"0\"},\"editing\":false,\"element_name\":\"gva_icon_box\"}],\"editing\":false,\"element_name\":\"gva_column\"}],\"editing\":false,\"element_name\":\"gva_row\"},\"create_edit_form\":true}],\"editing\":false,\"element_name\":\"gva_column\"}],\"editing\":false,\"element_name\":\"gva_row\"},{\"settings\":{\"element\":\"gva_row\",\"bg_image\":\"/sites/default/files/gbb-uploads/bg-1-32qtzs.jpg\",\"bg_position\":\"center top\",\"bg_repeat\":\"no-repeat\",\"bg_attachment\":\"scroll\",\"bg_size\":\"cover\",\"style_space\":\"default\",\"layout\":\"container\",\"bg_particles\":\"on\"},\"columns\":[{\"settings\":{\"element\":\"gva_column\"},\"col_lg\":12,\"elements\":[{\"settings\":{\"title\":\"a brand new way to excite your audience\",\"content\":\"<p>Lorem ipsum dolor sit amet, consectetuer adipiscing elit. Aenean commodo ligula eget dolor. Aenean massa. Cum sociis natoque penatibus et magnis dis parturient montes, nascetur ridiculus.</p>\",\"link\":\"#\",\"button_title\":\"Read more\",\"button_align\":\"button-center\",\"width\":\"690px\",\"style_text\":\"text-light\",\"style_button\":\"btn-theme\",\"donorbox\":\"off\",\"target\":\"off\"},\"editing\":false,\"element_name\":\"gva_call_to_action\"}],\"editing\":false,\"element_name\":\"gva_column\"}],\"editing\":false,\"element_name\":\"gva_row\"},{\"settings\":{\"element\":\"gva_row\",\"bg_particles\":\"off\",\"bg_position\":\"center top\",\"bg_repeat\":\"no-repeat\",\"bg_attachment\":\"scroll\",\"bg_size\":\"cover\",\"style_space\":\"default\",\"layout\":\"container\",\"bg_color\":\"#fff\",\"padding_top\":\"30\",\"padding_bottom\":\"30\"},\"columns\":[{\"settings\":{\"element\":\"gva_column\"},\"col_lg\":6,\"elements\":[{\"settings\":{\"image\":\"/sites/default/files/gbb-uploads/laptop.jpg\",\"align\":\"center\",\"target\":\"off\"},\"editing\":false,\"element_name\":\"gva_image\"},{\"settings\":{\"content\":\"<div class=\\\"row margin-top-30\\\">\\r\\n<div class=\\\"col-sm-6 col-xs-12\\\">\\r\\n<h5>We are creative agency</h5>\\r\\nMorbi msan ipsum velit. Nam nec tellus tinunt auctor a ornareio.</div>\\r\\n<div class=\\\"col-sm-6 col-xs-12\\\">\\r\\n<h5>We are creative agency</h5>\\r\\nMorbi msan ipsum velit. Nam nec tellus tinunt auctor a ornareio.</div>\\r\\n</div>\\r\\n<div class=\\\"row margin-top-30\\\">\\r\\n<div class=\\\"col-sm-6 col-xs-12\\\">\\r\\n<h5>We are creative agency</h5>\\r\\nMorbi msan ipsum velit. Nam nec tellus tinunt auctor a ornareio.</div>\\r\\n<div class=\\\"col-sm-6 col-xs-12\\\">\\r\\n<h5>We are creative agency</h5>\\r\\nMorbi msan ipsum velit. Nam nec tellus tinunt auctor a ornareio.</div>\\r\\n</div>\",\"animate_delay\":\"0\"},\"editing\":false,\"element_name\":\"gva_text\"}],\"editing\":false,\"element_name\":\"gva_column\"},{\"settings\":{\"element\":\"gva_column\"},\"col_lg\":6,\"elements\":[{\"settings\":{\"title\":\"A place where amazing things Get Done!\",\"align\":\"align-left\",\"style\":\"style-2\",\"style_text\":\"text-dark\"},\"editing\":false,\"element_name\":\"gva_heading\"},{\"settings\":{\"style\":\"skin-white\",\"title_1\":\"Nam fermentum, nulla pharetra vulputate?\",\"content_1\":\"<p>Aenean euismod bibendum laoreet. Proin gravida dolor sit amet lacus accumsan et viverra justo commodo.</p>\\r\\n<p>Proin sodales pulvinar tempor. Nam fermentum, nulla luctus pharetra vulputate, felis tellus mollis orci, sed rhoncus sapien nunc eget odio.</p>\",\"title_2\":\"Nam fermentum, nulla pharetra vulputate?\",\"content_2\":\"<p>Aenean euismod bibendum laoreet. Proin gravida dolor sit amet lacus accumsan et viverra justo commodo.</p>\\r\\n<p>Proin sodales pulvinar tempor. Nam fermentum, nulla luctus pharetra vulputate, felis tellus mollis orci, sed rhoncus sapien nunc eget odio.</p>\",\"title_3\":\"Nam fermentum, nulla pharetra vulputate?\",\"content_3\":\"<p>Aenean euismod bibendum laoreet. Proin gravida dolor sit amet lacus accumsan et viverra justo commodo.</p>\\r\\n<p>Proin sodales pulvinar tempor. Nam fermentum, nulla luctus pharetra vulputate, felis tellus mollis orci, sed rhoncus sapien nunc eget odio.</p>\",\"title_4\":\"Nam fermentum, nulla pharetra vulputate?\",\"content_4\":\"<p>Aenean euismod bibendum laoreet. Proin gravida dolor sit amet lacus accumsan et viverra justo commodo.</p>\\r\\n<p>Proin sodales pulvinar tempor. Nam fermentum, nulla luctus pharetra vulputate, felis tellus mollis orci, sed rhoncus sapien nunc eget odio.</p>\",\"animate_delay\":\"0\"},\"editing\":false,\"element_name\":\"gva_accordion\"}],\"editing\":false,\"element_name\":\"gva_column\"}],\"editing\":false,\"element_name\":\"gva_row\"},{\"settings\":{\"element\":\"gva_row\",\"bg_particles\":\"off\",\"bg_position\":\"center top\",\"bg_repeat\":\"no-repeat\",\"bg_attachment\":\"scroll\",\"bg_size\":\"cover\",\"style_space\":\"default\",\"layout\":\"container\",\"bg_color\":\"#f5f5f5\",\"padding_top\":\"30\",\"padding_bottom\":\"30\"},\"columns\":[{\"settings\":{\"element\":\"gva_column\"},\"col_lg\":12,\"elements\":[{\"settings\":{\"title\":\"Choose Your Plan\",\"align\":\"align-center\",\"style\":\"style-1\",\"style_text\":\"text-dark\",\"desc\":\"<p>Proin aliquam ante quis sagittis blandit. In hac habitasse platea dictumst. In sit amet pharetra tellus. Morbi sed consequat augue. Quisque ultricies, ex et sagittis commodo.</p>\"},\"editing\":false,\"element_name\":\"gva_heading\"}],\"editing\":false,\"element_name\":\"gva_column\"},{\"settings\":{\"element\":\"gva_column\"},\"col_lg\":3,\"elements\":[{\"settings\":{\"title\":\"Basic\",\"price\":\"15\",\"currency\":\"$\",\"period\":\"Month\",\"content\":\"<ul>\\r\\n<li>Coffee &amp; water service</li>\\r\\n<li>High speed Internet</li>\\r\\n<li>Opening hours (9:00 &ndash; 19:00)</li>\\r\\n<li class=\\\"off\\\">Hot desk</li>\\r\\n<li class=\\\"off\\\">Limited printer &amp; scanner</li>\\r\\n<li class=\\\"off\\\">Limited meeting room access</li>\\r\\n<li class=\\\"off\\\">Event and showroom use</li>\\r\\n</ul>\",\"link_title\":\"Read more\",\"link\":\"#\",\"featured\":\"off\",\"animate_delay\":\"0\"},\"editing\":false,\"element_name\":\"gva_pricing_item\"}],\"editing\":false,\"element_name\":\"gva_column\"},{\"settings\":{\"element\":\"gva_column\"},\"col_lg\":3,\"elements\":[{\"settings\":{\"title\":\"Personal\",\"price\":\"25\",\"currency\":\"$\",\"period\":\"Month\",\"content\":\"<ul>\\r\\n<li>Coffee &amp; water service</li>\\r\\n<li>High speed Internet</li>\\r\\n<li>Opening hours (9:00 &ndash; 19:00)</li>\\r\\n<li class=\\\"\\\">Hot desk</li>\\r\\n<li class=\\\"off\\\">Limited printer &amp; scanner</li>\\r\\n<li class=\\\"off\\\">Limited meeting room access</li>\\r\\n<li class=\\\"off\\\">Event and showroom use</li>\\r\\n</ul>\",\"link_title\":\"Read more\",\"link\":\"#\",\"featured\":\"on\",\"animate_delay\":\"0\"},\"editing\":false,\"element_name\":\"gva_pricing_item\"}],\"editing\":false,\"element_name\":\"gva_column\"},{\"settings\":{\"element\":\"gva_column\"},\"col_lg\":3,\"elements\":[{\"settings\":{\"title\":\"Professional\",\"price\":\"35\",\"currency\":\"$\",\"period\":\"Month\",\"content\":\"<ul>\\r\\n<li>Coffee &amp; water service</li>\\r\\n<li>High speed Internet</li>\\r\\n<li>Opening hours (9:00 &ndash; 19:00)</li>\\r\\n<li class=\\\"\\\">Hot desk</li>\\r\\n<li class=\\\"\\\">Limited printer &amp; scanner</li>\\r\\n<li class=\\\"off\\\">Limited meeting room access</li>\\r\\n<li class=\\\"off\\\">Event and showroom use</li>\\r\\n</ul>\",\"link_title\":\"Read more\",\"link\":\"#\",\"featured\":\"off\",\"animate_delay\":\"0\"},\"editing\":false,\"element_name\":\"gva_pricing_item\"}],\"editing\":false,\"element_name\":\"gva_column\"},{\"settings\":{\"element\":\"gva_column\"},\"col_lg\":3,\"elements\":[{\"settings\":{\"title\":\"Enterprise\",\"price\":\"50\",\"currency\":\"$\",\"period\":\"Month\",\"content\":\"<ul>\\r\\n<li>Coffee &amp; water service</li>\\r\\n<li>High speed Internet</li>\\r\\n<li>Opening hours (9:00 &ndash; 19:00)</li>\\r\\n<li class=\\\"off\\\">Hot desk</li>\\r\\n<li class=\\\"off\\\">Limited printer &amp; scanner</li>\\r\\n<li class=\\\"off\\\">Limited meeting room access</li>\\r\\n<li class=\\\"off\\\">Event and showroom use</li>\\r\\n</ul>\",\"link_title\":\"Read more\",\"link\":\"#\",\"featured\":\"off\",\"animate_delay\":\"0\"},\"editing\":false,\"element_name\":\"gva_pricing_item\"}],\"editing\":false,\"element_name\":\"gva_column\"}],\"editing\":false,\"element_name\":\"gva_row\"}]', NULL, NULL, NULL);

-- --------------------------------------------------------

--
